{"id":1907,"date":"2021-10-27T12:59:12","date_gmt":"2021-10-27T10:59:12","guid":{"rendered":"https:\/\/woche-der-ki.de\/?page_id=1907"},"modified":"2021-11-15T17:52:18","modified_gmt":"2021-11-15T16:52:18","slug":"institutsfuhrung-robotik-und-kognitive-systeme3","status":"publish","type":"page","link":"https:\/\/woche-der-ki.de\/index.php\/institutsfuhrung-robotik-und-kognitive-systeme3\/","title":{"rendered":"Institutsf\u00fchrung Robotik und Kognitive Systeme"},"content":{"rendered":"\t\t<div data-elementor-type=\"wp-page\" data-elementor-id=\"1907\" class=\"elementor elementor-1907\" data-elementor-post-type=\"page\">\n\t\t\t\t\t\t<section class=\"elementor-section elementor-top-section elementor-element elementor-element-68871bd1 elementor-section-full_width elementor-section-height-default elementor-section-height-default\" data-id=\"68871bd1\" data-element_type=\"section\">\n\t\t\t\t\t\t<div class=\"elementor-container elementor-column-gap-default\">\n\t\t\t\t\t<div class=\"elementor-column elementor-col-33 elementor-top-column elementor-element elementor-element-6d7e1407\" data-id=\"6d7e1407\" data-element_type=\"column\">\n\t\t\t<div class=\"elementor-widget-wrap\">\n\t\t\t\t\t\t\t<\/div>\n\t\t<\/div>\n\t\t\t\t<div class=\"elementor-column elementor-col-33 elementor-top-column elementor-element elementor-element-4f9f2080\" data-id=\"4f9f2080\" data-element_type=\"column\">\n\t\t\t<div class=\"elementor-widget-wrap elementor-element-populated\">\n\t\t\t\t\t\t<div class=\"elementor-element elementor-element-4160840c elementor-widget__width-initial elementor-widget elementor-widget-spacer\" data-id=\"4160840c\" data-element_type=\"widget\" data-widget_type=\"spacer.default\">\n\t\t\t\t<div class=\"elementor-widget-container\">\n\t\t\t\t\t\t\t<div class=\"elementor-spacer\">\n\t\t\t<div class=\"elementor-spacer-inner\"><\/div>\n\t\t<\/div>\n\t\t\t\t\t\t<\/div>\n\t\t\t\t<\/div>\n\t\t\t\t<div class=\"elementor-element elementor-element-9dfa099 elementor-view-default elementor-widget elementor-widget-icon\" data-id=\"9dfa099\" data-element_type=\"widget\" data-widget_type=\"icon.default\">\n\t\t\t\t<div class=\"elementor-widget-container\">\n\t\t\t\t\t\t\t<div class=\"elementor-icon-wrapper\">\n\t\t\t<div class=\"elementor-icon\">\n\t\t\t<i aria-hidden=\"true\" class=\"fas fa-circle\"><\/i>\t\t\t<\/div>\n\t\t<\/div>\n\t\t\t\t\t\t<\/div>\n\t\t\t\t<\/div>\n\t\t\t\t\t<\/div>\n\t\t<\/div>\n\t\t\t\t<div class=\"elementor-column elementor-col-33 elementor-top-column elementor-element elementor-element-211a9b71\" data-id=\"211a9b71\" data-element_type=\"column\">\n\t\t\t<div class=\"elementor-widget-wrap\">\n\t\t\t\t\t\t\t<\/div>\n\t\t<\/div>\n\t\t\t\t\t<\/div>\n\t\t<\/section>\n\t\t\t\t<section class=\"elementor-section elementor-top-section elementor-element elementor-element-482a0cc elementor-section-boxed elementor-section-height-default elementor-section-height-default\" data-id=\"482a0cc\" data-element_type=\"section\">\n\t\t\t\t\t\t<div class=\"elementor-container elementor-column-gap-default\">\n\t\t\t\t\t<div class=\"elementor-column elementor-col-100 elementor-top-column elementor-element elementor-element-8ba3176\" data-id=\"8ba3176\" data-element_type=\"column\">\n\t\t\t<div class=\"elementor-widget-wrap elementor-element-populated\">\n\t\t\t\t\t\t<div class=\"elementor-element elementor-element-8bec395 elementor-widget elementor-widget-heading\" data-id=\"8bec395\" data-element_type=\"widget\" data-settings=\"{&quot;_animation&quot;:&quot;none&quot;}\" data-widget_type=\"heading.default\">\n\t\t\t\t<div class=\"elementor-widget-container\">\n\t\t\t\t\t<h1 class=\"elementor-heading-title elementor-size-default\">Mittwoch, 17.11.2021, 16.00&nbsp;\u2013&nbsp;16.45&nbsp;Uhr<\/h1>\t\t\t\t<\/div>\n\t\t\t\t<\/div>\n\t\t\t\t<div class=\"elementor-element elementor-element-0824923 elementor-widget elementor-widget-heading\" data-id=\"0824923\" data-element_type=\"widget\" data-settings=\"{&quot;_animation&quot;:&quot;none&quot;}\" data-widget_type=\"heading.default\">\n\t\t\t\t<div class=\"elementor-widget-container\">\n\t\t\t\t\t<h2 class=\"elementor-heading-title elementor-size-default\">Institutsf\u00fchrung Robotik und Kognitive Systeme<\/h2>\t\t\t\t<\/div>\n\t\t\t\t<\/div>\n\t\t\t\t<div class=\"elementor-element elementor-element-4d2ed6c elementor-widget elementor-widget-text-editor\" data-id=\"4d2ed6c\" data-element_type=\"widget\" data-widget_type=\"text-editor.default\">\n\t\t\t\t<div class=\"elementor-widget-container\">\n\t\t\t\t\t\t\t\t\t<p>\u00d6ffentliche Veranstaltung mit vorheriger <a href=\"https:\/\/www.surveymonkey.de\/r\/Q2395Z2\" target=\"_blank\" rel=\"noopener\"><b>Anmeldung <\/b><\/a><strong>(2G)<\/strong><\/p><p><b>In Anbetracht der aktuell volatilen Corona-Lage und der teils beengten R\u00e4umlichkeiten am Institut m\u00f6chten wir Sie darauf hinweisen, dass die Besichtigung unter 2G-Bedingungen stattfinden muss. Zudem m\u00f6chten wir Sie an die im Geb\u00e4ude geltende Maskenpflicht erinnern.<\/b><\/p><p>Treffpunkt f\u00fcr die F\u00fchrung ist der Eingangsbereich des Geb\u00e4udes 64 direkt gegen\u00fcber der Vorklinik-Geb\u00e4ude, beschildert u.a. mit dem Hinweis \u201eGesch\u00e4ftsstelle MINT\u201c.<\/p><p><b><br \/><\/b>Folgende Themen werden bei der F\u00fchrung vorgestellt:<\/p><p>\u00a0<\/p><p><strong>Robotischer Ultraschall der Beinarterie<\/strong><\/p>\t\t\t\t\t\t\t\t<\/div>\n\t\t\t\t<\/div>\n\t\t\t\t<div class=\"elementor-element elementor-element-22103c5 elementor-widget elementor-widget-image\" data-id=\"22103c5\" data-element_type=\"widget\" data-widget_type=\"image.default\">\n\t\t\t\t<div class=\"elementor-widget-container\">\n\t\t\t\t\t\t\t\t\t\t\t\t\t\t\t<img fetchpriority=\"high\" decoding=\"async\" width=\"450\" height=\"493\" src=\"https:\/\/woche-der-ki.de\/wp-content\/uploads\/2021\/10\/robotischer-ultraschall.jpg\" class=\"attachment-full size-full wp-image-1878\" alt=\"\" srcset=\"https:\/\/woche-der-ki.de\/wp-content\/uploads\/2021\/10\/robotischer-ultraschall.jpg 450w, https:\/\/woche-der-ki.de\/wp-content\/uploads\/2021\/10\/robotischer-ultraschall-274x300.jpg 274w\" sizes=\"(max-width: 450px) 100vw, 450px\" \/>\t\t\t\t\t\t\t\t\t\t\t\t\t\t\t<\/div>\n\t\t\t\t<\/div>\n\t\t\t\t<div class=\"elementor-element elementor-element-91c452e elementor-widget elementor-widget-text-editor\" data-id=\"91c452e\" data-element_type=\"widget\" data-widget_type=\"text-editor.default\">\n\t\t\t\t<div class=\"elementor-widget-container\">\n\t\t\t\t\t\t\t\t\t<p>\u00a0<\/p><p><strong>Automatisierter Scan der Bauchschlagader<\/strong><\/p>\t\t\t\t\t\t\t\t<\/div>\n\t\t\t\t<\/div>\n\t\t\t\t<div class=\"elementor-element elementor-element-efd0f66 elementor-widget elementor-widget-image\" data-id=\"efd0f66\" data-element_type=\"widget\" data-widget_type=\"image.default\">\n\t\t\t\t<div class=\"elementor-widget-container\">\n\t\t\t\t\t\t\t\t\t\t\t\t\t\t\t<img decoding=\"async\" width=\"450\" height=\"470\" src=\"https:\/\/woche-der-ki.de\/wp-content\/uploads\/2021\/10\/scan-bauchschlagader.jpg\" class=\"attachment-full size-full wp-image-1879\" alt=\"\" srcset=\"https:\/\/woche-der-ki.de\/wp-content\/uploads\/2021\/10\/scan-bauchschlagader.jpg 450w, https:\/\/woche-der-ki.de\/wp-content\/uploads\/2021\/10\/scan-bauchschlagader-287x300.jpg 287w\" sizes=\"(max-width: 450px) 100vw, 450px\" \/>\t\t\t\t\t\t\t\t\t\t\t\t\t\t\t<\/div>\n\t\t\t\t<\/div>\n\t\t\t\t<div class=\"elementor-element elementor-element-4b120ee elementor-widget elementor-widget-text-editor\" data-id=\"4b120ee\" data-element_type=\"widget\" data-widget_type=\"text-editor.default\">\n\t\t\t\t<div class=\"elementor-widget-container\">\n\t\t\t\t\t\t\t\t\t<p>\u00a0 \u00a0\u00a0<\/p>\t\t\t\t\t\t\t\t<\/div>\n\t\t\t\t<\/div>\n\t\t\t\t<div class=\"elementor-element elementor-element-07e76a0 elementor-widget elementor-widget-image\" data-id=\"07e76a0\" data-element_type=\"widget\" data-widget_type=\"image.default\">\n\t\t\t\t<div class=\"elementor-widget-container\">\n\t\t\t\t\t\t\t\t\t\t\t\t\t\t\t<img decoding=\"async\" width=\"300\" height=\"102\" src=\"https:\/\/woche-der-ki.de\/wp-content\/uploads\/2021\/10\/universitaet-luebeck-logo-500-300x102.png\" class=\"attachment-medium size-medium wp-image-1455\" alt=\"Universit\u00e4t zu L\u00fcbeck Logo\" srcset=\"https:\/\/woche-der-ki.de\/wp-content\/uploads\/2021\/10\/universitaet-luebeck-logo-500-300x102.png 300w, https:\/\/woche-der-ki.de\/wp-content\/uploads\/2021\/10\/universitaet-luebeck-logo-500.png 500w\" sizes=\"(max-width: 300px) 100vw, 300px\" \/>\t\t\t\t\t\t\t\t\t\t\t\t\t\t\t<\/div>\n\t\t\t\t<\/div>\n\t\t\t\t<div class=\"elementor-element elementor-element-b58905f elementor-widget elementor-widget-text-editor\" data-id=\"b58905f\" data-element_type=\"widget\" data-widget_type=\"text-editor.default\">\n\t\t\t\t<div class=\"elementor-widget-container\">\n\t\t\t\t\t\t\t\t\t<p><b>\u00a0<\/b><\/p><p><b>Anmeldung:\u00a0<\/b><\/p><p>Die F\u00fchrung ist begrenzt auf 20 Teilnehmer*innen. Bitte melden Sie sich an unter: <a href=\"https:\/\/www.surveymonkey.de\/r\/Q2395Z2\" target=\"_blank\" rel=\"noopener\">https:\/\/www.surveymonkey.de\/r\/Q2395Z2<\/a><\/p>\t\t\t\t\t\t\t\t<\/div>\n\t\t\t\t<\/div>\n\t\t\t\t\t<\/div>\n\t\t<\/div>\n\t\t\t\t\t<\/div>\n\t\t<\/section>\n\t\t\t\t<section class=\"elementor-section elementor-top-section elementor-element elementor-element-0718df0 elementor-section-boxed elementor-section-height-default elementor-section-height-default\" data-id=\"0718df0\" data-element_type=\"section\">\n\t\t\t\t\t\t<div class=\"elementor-container elementor-column-gap-default\">\n\t\t\t\t\t<div class=\"elementor-column elementor-col-100 elementor-top-column elementor-element elementor-element-2e9ea96\" data-id=\"2e9ea96\" data-element_type=\"column\">\n\t\t\t<div class=\"elementor-widget-wrap elementor-element-populated\">\n\t\t\t\t\t\t<div class=\"elementor-element elementor-element-c71019d elementor-widget elementor-widget-text-editor\" data-id=\"c71019d\" data-element_type=\"widget\" data-widget_type=\"text-editor.default\">\n\t\t\t\t<div class=\"elementor-widget-container\">\n\t\t\t\t\t\t\t\t\t<p><em>Ab 16.11.2021 gilt f\u00fcr alle freiwilligen Veranstaltungen der Universit\u00e4t au\u00dferhalb der Lehre und innerhalb der R\u00e4umlichkeiten der UzL die 2G-Regel. Der Zugang ist somit nur f\u00fcr Geimpfte oder Genesene m\u00f6glich, sowie f\u00fcr Kinder und Jugendliche unter 18 Jahren. Ebenfalls nicht betroffen sind Personen, die sich aus medizinischen und gesundheitlichen Gr\u00fcnden nicht impfen lassen k\u00f6nnen. Sie m\u00fcssen einen Testnachweis vorlegen.<\/em><br \/><em>Zus\u00e4tzlich gilt immer dann die Maskenpflicht, wenn der empfohlene Mindestabstand von 1,5 Meter zu anderen Personen nicht eingehalten werden kann.<\/em><\/p>\t\t\t\t\t\t\t\t<\/div>\n\t\t\t\t<\/div>\n\t\t\t\t\t<\/div>\n\t\t<\/div>\n\t\t\t\t\t<\/div>\n\t\t<\/section>\n\t\t\t\t<\/div>\n\t\t","protected":false},"excerpt":{"rendered":"<p>Mittwoch, 17.11.2021, 16.00&nbsp;\u2013&nbsp;16.45&nbsp;Uhr Institutsf\u00fchrung Robotik und Kognitive Systeme \u00d6ffentliche Veranstaltung mit vorheriger Anmeldung (2G) In Anbetracht der aktuell volatilen Corona-Lage und der teils beengten R\u00e4umlichkeiten am Institut m\u00f6chten wir Sie darauf hinweisen, dass die Besichtigung unter 2G-Bedingungen stattfinden muss. Zudem m\u00f6chten wir Sie an die im Geb\u00e4ude geltende Maskenpflicht erinnern. Treffpunkt f\u00fcr die F\u00fchrung ist [&hellip;]<\/p>\n","protected":false},"author":2,"featured_media":0,"parent":0,"menu_order":0,"comment_status":"closed","ping_status":"closed","template":"","meta":{"footnotes":""},"class_list":["post-1907","page","type-page","status-publish","hentry"],"_links":{"self":[{"href":"https:\/\/woche-der-ki.de\/index.php\/wp-json\/wp\/v2\/pages\/1907","targetHints":{"allow":["GET"]}}],"collection":[{"href":"https:\/\/woche-der-ki.de\/index.php\/wp-json\/wp\/v2\/pages"}],"about":[{"href":"https:\/\/woche-der-ki.de\/index.php\/wp-json\/wp\/v2\/types\/page"}],"author":[{"embeddable":true,"href":"https:\/\/woche-der-ki.de\/index.php\/wp-json\/wp\/v2\/users\/2"}],"replies":[{"embeddable":true,"href":"https:\/\/woche-der-ki.de\/index.php\/wp-json\/wp\/v2\/comments?post=1907"}],"version-history":[{"count":13,"href":"https:\/\/woche-der-ki.de\/index.php\/wp-json\/wp\/v2\/pages\/1907\/revisions"}],"predecessor-version":[{"id":2213,"href":"https:\/\/woche-der-ki.de\/index.php\/wp-json\/wp\/v2\/pages\/1907\/revisions\/2213"}],"wp:attachment":[{"href":"https:\/\/woche-der-ki.de\/index.php\/wp-json\/wp\/v2\/media?parent=1907"}],"curies":[{"name":"wp","href":"https:\/\/api.w.org\/{rel}","templated":true}]}}