{"id":2051,"date":"2021-11-02T16:54:11","date_gmt":"2021-11-02T15:54:11","guid":{"rendered":"https:\/\/woche-der-ki.de\/?page_id=2051"},"modified":"2021-11-02T16:56:27","modified_gmt":"2021-11-02T15:56:27","slug":"business-talkt-ki-recht-und-ethik-wer-traegt-die-verantwortung","status":"publish","type":"page","link":"https:\/\/woche-der-ki.de\/index.php\/business-talkt-ki-recht-und-ethik-wer-traegt-die-verantwortung\/","title":{"rendered":"Business talkt: KI, Recht und Ethik \u2013 Wer tr\u00e4gt die Verantwortung?"},"content":{"rendered":"\t\t<div data-elementor-type=\"wp-page\" data-elementor-id=\"2051\" class=\"elementor elementor-2051\" data-elementor-post-type=\"page\">\n\t\t\t\t\t\t<section class=\"elementor-section elementor-top-section elementor-element elementor-element-68871bd1 elementor-section-full_width elementor-section-height-default elementor-section-height-default\" data-id=\"68871bd1\" data-element_type=\"section\">\n\t\t\t\t\t\t<div class=\"elementor-container elementor-column-gap-default\">\n\t\t\t\t\t<div class=\"elementor-column elementor-col-33 elementor-top-column elementor-element elementor-element-6d7e1407\" data-id=\"6d7e1407\" data-element_type=\"column\">\n\t\t\t<div class=\"elementor-widget-wrap\">\n\t\t\t\t\t\t\t<\/div>\n\t\t<\/div>\n\t\t\t\t<div class=\"elementor-column elementor-col-33 elementor-top-column elementor-element elementor-element-4f9f2080\" data-id=\"4f9f2080\" data-element_type=\"column\">\n\t\t\t<div class=\"elementor-widget-wrap elementor-element-populated\">\n\t\t\t\t\t\t<div class=\"elementor-element elementor-element-4160840c elementor-widget__width-initial elementor-widget elementor-widget-spacer\" data-id=\"4160840c\" data-element_type=\"widget\" data-widget_type=\"spacer.default\">\n\t\t\t\t<div class=\"elementor-widget-container\">\n\t\t\t\t\t\t\t<div class=\"elementor-spacer\">\n\t\t\t<div class=\"elementor-spacer-inner\"><\/div>\n\t\t<\/div>\n\t\t\t\t\t\t<\/div>\n\t\t\t\t<\/div>\n\t\t\t\t<div class=\"elementor-element elementor-element-9dfa099 elementor-view-default elementor-widget elementor-widget-icon\" data-id=\"9dfa099\" data-element_type=\"widget\" data-widget_type=\"icon.default\">\n\t\t\t\t<div class=\"elementor-widget-container\">\n\t\t\t\t\t\t\t<div class=\"elementor-icon-wrapper\">\n\t\t\t<div class=\"elementor-icon\">\n\t\t\t<i aria-hidden=\"true\" class=\"fas fa-circle\"><\/i>\t\t\t<\/div>\n\t\t<\/div>\n\t\t\t\t\t\t<\/div>\n\t\t\t\t<\/div>\n\t\t\t\t\t<\/div>\n\t\t<\/div>\n\t\t\t\t<div class=\"elementor-column elementor-col-33 elementor-top-column elementor-element elementor-element-211a9b71\" data-id=\"211a9b71\" data-element_type=\"column\">\n\t\t\t<div class=\"elementor-widget-wrap\">\n\t\t\t\t\t\t\t<\/div>\n\t\t<\/div>\n\t\t\t\t\t<\/div>\n\t\t<\/section>\n\t\t\t\t<section class=\"elementor-section elementor-top-section elementor-element elementor-element-482a0cc elementor-section-boxed elementor-section-height-default elementor-section-height-default\" data-id=\"482a0cc\" data-element_type=\"section\">\n\t\t\t\t\t\t<div class=\"elementor-container elementor-column-gap-default\">\n\t\t\t\t\t<div class=\"elementor-column elementor-col-100 elementor-top-column elementor-element elementor-element-8ba3176\" data-id=\"8ba3176\" data-element_type=\"column\">\n\t\t\t<div class=\"elementor-widget-wrap elementor-element-populated\">\n\t\t\t\t\t\t<div class=\"elementor-element elementor-element-8bec395 elementor-widget elementor-widget-heading\" data-id=\"8bec395\" data-element_type=\"widget\" data-settings=\"{&quot;_animation&quot;:&quot;none&quot;}\" data-widget_type=\"heading.default\">\n\t\t\t\t<div class=\"elementor-widget-container\">\n\t\t\t\t\t<h1 class=\"elementor-heading-title elementor-size-default\">Montag, 15.11.2021, 12.00&nbsp;\u2013&nbsp;13.00&nbsp;Uhr<\/h1>\t\t\t\t<\/div>\n\t\t\t\t<\/div>\n\t\t\t\t<div class=\"elementor-element elementor-element-0824923 elementor-widget elementor-widget-heading\" data-id=\"0824923\" data-element_type=\"widget\" data-settings=\"{&quot;_animation&quot;:&quot;none&quot;}\" data-widget_type=\"heading.default\">\n\t\t\t\t<div class=\"elementor-widget-container\">\n\t\t\t\t\t<h2 class=\"elementor-heading-title elementor-size-default\">Business talkt: KI, Recht und Ethik \u2013 Wer tr\u00e4gt die Verantwortung?<\/h2>\t\t\t\t<\/div>\n\t\t\t\t<\/div>\n\t\t\t\t<div class=\"elementor-element elementor-element-4d2ed6c elementor-widget elementor-widget-text-editor\" data-id=\"4d2ed6c\" data-element_type=\"widget\" data-widget_type=\"text-editor.default\">\n\t\t\t\t<div class=\"elementor-widget-container\">\n\t\t\t\t\t\t\t\t\t<p>Wie wollen wir in unserer Gesellschaft mit den M\u00f6glichkeiten der K\u00fcnstlichen Intelligenz umgehen? In vielen Bereichen k\u00f6nnte KI enorme Fortschritte bringen: in der Medizin, in der Industrie, im Handel, im Verkehr, in der Pflege. Aber sie wirft auch gro\u00dfe Fragen auf, wie zum Beispiel: Wer \u00fcbernimmt die Verantwortung? Wer haftet im Schadenfall? Wie sollten kritische Anwendungen reguliert werden?<\/p>\n<p>Dar\u00fcber tauschen sich Experten aus unserer Region live vor der Kamera im Online-Format \u201eBusiness talkt \u2013 Was Unternehmen bewegt\u201c aus.<\/p>\n<p>Weitere <b>Details <\/b>zur Veranstaltung und <b>Anmeldung <\/b>unter: <a href=\"https:\/\/www.ihk-schleswig-holstein.de\/system\/veranstaltungssuche\/vst\/1393042?id=372476&amp;terminId=638234\" target=\"_blank\" rel=\"noopener\">Business talkt: KI, Recht und Ethik \u2013 Wer tr\u00e4gt die Verantwortung? &#8211; IHK Schleswig-Holstein (ihk-schleswig-holstein.de)<\/a><\/p>\n<p>Ausrichter: IHK zu L\u00fcbeck<\/p>\t\t\t\t\t\t\t\t<\/div>\n\t\t\t\t<\/div>\n\t\t\t\t<div class=\"elementor-element elementor-element-07e76a0 elementor-widget elementor-widget-image\" data-id=\"07e76a0\" data-element_type=\"widget\" data-widget_type=\"image.default\">\n\t\t\t\t<div class=\"elementor-widget-container\">\n\t\t\t\t\t\t\t\t\t\t\t\t\t\t\t<img fetchpriority=\"high\" decoding=\"async\" width=\"700\" height=\"100\" src=\"https:\/\/woche-der-ki.de\/wp-content\/uploads\/2021\/11\/logos-ihk-unternehmen-zukunft.jpg\" class=\"attachment-full size-full wp-image-2053\" alt=\"Logos IHK L\u00fcbeck &amp; Mein Unternehmen Zukunft\" srcset=\"https:\/\/woche-der-ki.de\/wp-content\/uploads\/2021\/11\/logos-ihk-unternehmen-zukunft.jpg 700w, https:\/\/woche-der-ki.de\/wp-content\/uploads\/2021\/11\/logos-ihk-unternehmen-zukunft-300x43.jpg 300w\" sizes=\"(max-width: 700px) 100vw, 700px\" \/>\t\t\t\t\t\t\t\t\t\t\t\t\t\t\t<\/div>\n\t\t\t\t<\/div>\n\t\t\t\t\t<\/div>\n\t\t<\/div>\n\t\t\t\t\t<\/div>\n\t\t<\/section>\n\t\t\t\t<\/div>\n\t\t","protected":false},"excerpt":{"rendered":"<p>Montag, 15.11.2021, 12.00&nbsp;\u2013&nbsp;13.00&nbsp;Uhr Business talkt: KI, Recht und Ethik \u2013 Wer tr\u00e4gt die Verantwortung? Wie wollen wir in unserer Gesellschaft mit den M\u00f6glichkeiten der K\u00fcnstlichen Intelligenz umgehen? In vielen Bereichen k\u00f6nnte KI enorme Fortschritte bringen: in der Medizin, in der Industrie, im Handel, im Verkehr, in der Pflege. Aber sie wirft auch gro\u00dfe Fragen auf, [&hellip;]<\/p>\n","protected":false},"author":2,"featured_media":0,"parent":0,"menu_order":0,"comment_status":"closed","ping_status":"closed","template":"","meta":{"footnotes":""},"class_list":["post-2051","page","type-page","status-publish","hentry"],"_links":{"self":[{"href":"https:\/\/woche-der-ki.de\/index.php\/wp-json\/wp\/v2\/pages\/2051","targetHints":{"allow":["GET"]}}],"collection":[{"href":"https:\/\/woche-der-ki.de\/index.php\/wp-json\/wp\/v2\/pages"}],"about":[{"href":"https:\/\/woche-der-ki.de\/index.php\/wp-json\/wp\/v2\/types\/page"}],"author":[{"embeddable":true,"href":"https:\/\/woche-der-ki.de\/index.php\/wp-json\/wp\/v2\/users\/2"}],"replies":[{"embeddable":true,"href":"https:\/\/woche-der-ki.de\/index.php\/wp-json\/wp\/v2\/comments?post=2051"}],"version-history":[{"count":7,"href":"https:\/\/woche-der-ki.de\/index.php\/wp-json\/wp\/v2\/pages\/2051\/revisions"}],"predecessor-version":[{"id":2059,"href":"https:\/\/woche-der-ki.de\/index.php\/wp-json\/wp\/v2\/pages\/2051\/revisions\/2059"}],"wp:attachment":[{"href":"https:\/\/woche-der-ki.de\/index.php\/wp-json\/wp\/v2\/media?parent=2051"}],"curies":[{"name":"wp","href":"https:\/\/api.w.org\/{rel}","templated":true}]}}