{"id":2141,"date":"2021-11-10T13:47:56","date_gmt":"2021-11-10T12:47:56","guid":{"rendered":"https:\/\/woche-der-ki.de\/?page_id=2141"},"modified":"2021-11-15T15:24:41","modified_gmt":"2021-11-15T14:24:41","slug":"mevis-startups-the-healthcare-accelerator","status":"publish","type":"page","link":"https:\/\/woche-der-ki.de\/index.php\/mevis-startups-the-healthcare-accelerator\/","title":{"rendered":"MeVis Startups \u2013 The Healthcare Accelerator"},"content":{"rendered":"\t\t<div data-elementor-type=\"wp-page\" data-elementor-id=\"2141\" class=\"elementor elementor-2141\" data-elementor-post-type=\"page\">\n\t\t\t\t\t\t<section class=\"elementor-section elementor-top-section elementor-element elementor-element-68871bd1 elementor-section-full_width elementor-section-height-default elementor-section-height-default\" data-id=\"68871bd1\" data-element_type=\"section\">\n\t\t\t\t\t\t<div class=\"elementor-container elementor-column-gap-default\">\n\t\t\t\t\t<div class=\"elementor-column elementor-col-33 elementor-top-column elementor-element elementor-element-6d7e1407\" data-id=\"6d7e1407\" data-element_type=\"column\">\n\t\t\t<div class=\"elementor-widget-wrap\">\n\t\t\t\t\t\t\t<\/div>\n\t\t<\/div>\n\t\t\t\t<div class=\"elementor-column elementor-col-33 elementor-top-column elementor-element elementor-element-4f9f2080\" data-id=\"4f9f2080\" data-element_type=\"column\">\n\t\t\t<div class=\"elementor-widget-wrap elementor-element-populated\">\n\t\t\t\t\t\t<div class=\"elementor-element elementor-element-4160840c elementor-widget__width-initial elementor-widget elementor-widget-spacer\" data-id=\"4160840c\" data-element_type=\"widget\" data-widget_type=\"spacer.default\">\n\t\t\t\t<div class=\"elementor-widget-container\">\n\t\t\t\t\t\t\t<div class=\"elementor-spacer\">\n\t\t\t<div class=\"elementor-spacer-inner\"><\/div>\n\t\t<\/div>\n\t\t\t\t\t\t<\/div>\n\t\t\t\t<\/div>\n\t\t\t\t<div class=\"elementor-element elementor-element-9dfa099 elementor-view-default elementor-widget elementor-widget-icon\" data-id=\"9dfa099\" data-element_type=\"widget\" data-widget_type=\"icon.default\">\n\t\t\t\t<div class=\"elementor-widget-container\">\n\t\t\t\t\t\t\t<div class=\"elementor-icon-wrapper\">\n\t\t\t<div class=\"elementor-icon\">\n\t\t\t<i aria-hidden=\"true\" class=\"fas fa-circle\"><\/i>\t\t\t<\/div>\n\t\t<\/div>\n\t\t\t\t\t\t<\/div>\n\t\t\t\t<\/div>\n\t\t\t\t\t<\/div>\n\t\t<\/div>\n\t\t\t\t<div class=\"elementor-column elementor-col-33 elementor-top-column elementor-element elementor-element-211a9b71\" data-id=\"211a9b71\" data-element_type=\"column\">\n\t\t\t<div class=\"elementor-widget-wrap\">\n\t\t\t\t\t\t\t<\/div>\n\t\t<\/div>\n\t\t\t\t\t<\/div>\n\t\t<\/section>\n\t\t\t\t<section class=\"elementor-section elementor-top-section elementor-element elementor-element-482a0cc elementor-section-boxed elementor-section-height-default elementor-section-height-default\" data-id=\"482a0cc\" data-element_type=\"section\">\n\t\t\t\t\t\t<div class=\"elementor-container elementor-column-gap-default\">\n\t\t\t\t\t<div class=\"elementor-column elementor-col-100 elementor-top-column elementor-element elementor-element-8ba3176\" data-id=\"8ba3176\" data-element_type=\"column\">\n\t\t\t<div class=\"elementor-widget-wrap elementor-element-populated\">\n\t\t\t\t\t\t<div class=\"elementor-element elementor-element-8bec395 elementor-widget elementor-widget-heading\" data-id=\"8bec395\" data-element_type=\"widget\" data-settings=\"{&quot;_animation&quot;:&quot;none&quot;}\" data-widget_type=\"heading.default\">\n\t\t\t\t<div class=\"elementor-widget-container\">\n\t\t\t\t\t<h1 class=\"elementor-heading-title elementor-size-default\">Dienstag, 16.11.2021, 14.00&nbsp;\u2013&nbsp;15.00&nbsp;Uhr<\/h1>\t\t\t\t<\/div>\n\t\t\t\t<\/div>\n\t\t\t\t<div class=\"elementor-element elementor-element-0824923 elementor-widget elementor-widget-heading\" data-id=\"0824923\" data-element_type=\"widget\" data-settings=\"{&quot;_animation&quot;:&quot;none&quot;}\" data-widget_type=\"heading.default\">\n\t\t\t\t<div class=\"elementor-widget-container\">\n\t\t\t\t\t<h2 class=\"elementor-heading-title elementor-size-default\">MeVis Startups \u2013 The Healthcare Accelerator<\/h2>\t\t\t\t<\/div>\n\t\t\t\t<\/div>\n\t\t\t\t<div class=\"elementor-element elementor-element-74fc523 elementor-widget elementor-widget-text-editor\" data-id=\"74fc523\" data-element_type=\"widget\" data-widget_type=\"text-editor.default\">\n\t\t\t\t<div class=\"elementor-widget-container\">\n\t\t\t\t\t\t\t\t\t<p>\u00d6ffentliche Veranstaltung \u00fcber Zoom<\/p>\t\t\t\t\t\t\t\t<\/div>\n\t\t\t\t<\/div>\n\t\t\t\t<div class=\"elementor-element elementor-element-4d2ed6c elementor-widget elementor-widget-text-editor\" data-id=\"4d2ed6c\" data-element_type=\"widget\" data-widget_type=\"text-editor.default\">\n\t\t\t\t<div class=\"elementor-widget-container\">\n\t\t\t\t\t\t\t\t\t<p>MeVis Startups ist ein Accelerator Programm der MeVis Medical Solutions AG. Das Programm unterst\u00fctzt Gr\u00fcnderinnen und Gr\u00fcnder, um aus ihrer innovativen Idee ein erfolgreiches Healthcare-Unternehmen zu gr\u00fcnden. Dabei spielt es keine Rolle, in welcher Entwicklungsstufe sich die Idee befindet, ob Prototype oder MVP, wir unterst\u00fctzen und begleiten euch mit unserer Expertise in jeder Phase.<\/p>\n<p>Erfahre mehr \u00fcber das Programm am Dienstag, den 16.11.2021 in der Zeit von 14:00 \u2013 15:30 Uhr oder besuche unsere Webseite unter www.mevis-startups.de.&nbsp;<\/p>\n<p><b>Teilnahmelink und Einwahlnummer:<\/b><br><a href=\"https:\/\/us02web.zoom.us\/j\/89348823636?pwd=VEhSMTlscmhpbkY0Nm1TVVJvempzdz09\" target=\"_blank\" rel=\"noopener\">https:\/\/us02web.zoom.us\/j\/89348823636?pwd=VEhSMTlscmhpbkY0Nm1TVVJvempzdz09<\/a><\/p>\n<p>+49 69 3807 9883 Deutschland<br>+49 69 3807 9884 Deutschland<\/p>\n<p><b>Meeting-ID:<\/b> 893 4882 3636<br><b>Kenncode:<\/b> 789972<\/p>\t\t\t\t\t\t\t\t<\/div>\n\t\t\t\t<\/div>\n\t\t\t\t<div class=\"elementor-element elementor-element-96ac2b4 elementor-widget elementor-widget-image\" data-id=\"96ac2b4\" data-element_type=\"widget\" data-widget_type=\"image.default\">\n\t\t\t\t<div class=\"elementor-widget-container\">\n\t\t\t\t\t\t\t\t\t\t\t\t\t\t\t<img decoding=\"async\" width=\"300\" height=\"82\" src=\"https:\/\/woche-der-ki.de\/wp-content\/uploads\/2021\/11\/Mevis-STartups-Logo-Final-300x82.jpg\" class=\"attachment-medium size-medium wp-image-2142\" alt=\"\" srcset=\"https:\/\/woche-der-ki.de\/wp-content\/uploads\/2021\/11\/Mevis-STartups-Logo-Final-300x82.jpg 300w, https:\/\/woche-der-ki.de\/wp-content\/uploads\/2021\/11\/Mevis-STartups-Logo-Final-1024x279.jpg 1024w, https:\/\/woche-der-ki.de\/wp-content\/uploads\/2021\/11\/Mevis-STartups-Logo-Final-768x209.jpg 768w, https:\/\/woche-der-ki.de\/wp-content\/uploads\/2021\/11\/Mevis-STartups-Logo-Final-1536x418.jpg 1536w, https:\/\/woche-der-ki.de\/wp-content\/uploads\/2021\/11\/Mevis-STartups-Logo-Final-2048x557.jpg 2048w\" sizes=\"(max-width: 300px) 100vw, 300px\" \/>\t\t\t\t\t\t\t\t\t\t\t\t\t\t\t<\/div>\n\t\t\t\t<\/div>\n\t\t\t\t\t<\/div>\n\t\t<\/div>\n\t\t\t\t\t<\/div>\n\t\t<\/section>\n\t\t\t\t<\/div>\n\t\t","protected":false},"excerpt":{"rendered":"<p>Dienstag, 16.11.2021, 14.00&nbsp;\u2013&nbsp;15.00&nbsp;Uhr MeVis Startups \u2013 The Healthcare Accelerator \u00d6ffentliche Veranstaltung \u00fcber Zoom MeVis Startups ist ein Accelerator Programm der MeVis Medical Solutions AG. Das Programm unterst\u00fctzt Gr\u00fcnderinnen und Gr\u00fcnder, um aus ihrer innovativen Idee ein erfolgreiches Healthcare-Unternehmen zu gr\u00fcnden. Dabei spielt es keine Rolle, in welcher Entwicklungsstufe sich die Idee befindet, ob Prototype oder [&hellip;]<\/p>\n","protected":false},"author":2,"featured_media":0,"parent":0,"menu_order":0,"comment_status":"closed","ping_status":"closed","template":"","meta":{"footnotes":""},"class_list":["post-2141","page","type-page","status-publish","hentry"],"_links":{"self":[{"href":"https:\/\/woche-der-ki.de\/index.php\/wp-json\/wp\/v2\/pages\/2141","targetHints":{"allow":["GET"]}}],"collection":[{"href":"https:\/\/woche-der-ki.de\/index.php\/wp-json\/wp\/v2\/pages"}],"about":[{"href":"https:\/\/woche-der-ki.de\/index.php\/wp-json\/wp\/v2\/types\/page"}],"author":[{"embeddable":true,"href":"https:\/\/woche-der-ki.de\/index.php\/wp-json\/wp\/v2\/users\/2"}],"replies":[{"embeddable":true,"href":"https:\/\/woche-der-ki.de\/index.php\/wp-json\/wp\/v2\/comments?post=2141"}],"version-history":[{"count":6,"href":"https:\/\/woche-der-ki.de\/index.php\/wp-json\/wp\/v2\/pages\/2141\/revisions"}],"predecessor-version":[{"id":2201,"href":"https:\/\/woche-der-ki.de\/index.php\/wp-json\/wp\/v2\/pages\/2141\/revisions\/2201"}],"wp:attachment":[{"href":"https:\/\/woche-der-ki.de\/index.php\/wp-json\/wp\/v2\/media?parent=2141"}],"curies":[{"name":"wp","href":"https:\/\/api.w.org\/{rel}","templated":true}]}}