{"id":2330,"date":"2022-09-20T12:48:01","date_gmt":"2022-09-20T10:48:01","guid":{"rendered":"https:\/\/woche-der-ki.de\/?page_id=2330"},"modified":"2024-08-27T14:51:45","modified_gmt":"2024-08-27T12:51:45","slug":"nightofai-2022","status":"publish","type":"page","link":"https:\/\/woche-der-ki.de\/index.php\/nightofai-2022\/","title":{"rendered":"Night of AI 2022"},"content":{"rendered":"\t\t<div data-elementor-type=\"wp-page\" data-elementor-id=\"2330\" class=\"elementor elementor-2330\" data-elementor-post-type=\"page\">\n\t\t\t\t\t\t<section class=\"elementor-section elementor-top-section elementor-element elementor-element-68871bd1 elementor-section-full_width elementor-section-height-default elementor-section-height-default\" data-id=\"68871bd1\" data-element_type=\"section\">\n\t\t\t\t\t\t<div class=\"elementor-container elementor-column-gap-default\">\n\t\t\t\t\t<div class=\"elementor-column elementor-col-33 elementor-top-column elementor-element elementor-element-6d7e1407\" data-id=\"6d7e1407\" data-element_type=\"column\">\n\t\t\t<div class=\"elementor-widget-wrap\">\n\t\t\t\t\t\t\t<\/div>\n\t\t<\/div>\n\t\t\t\t<div class=\"elementor-column elementor-col-33 elementor-top-column elementor-element elementor-element-4f9f2080\" data-id=\"4f9f2080\" data-element_type=\"column\">\n\t\t\t<div class=\"elementor-widget-wrap elementor-element-populated\">\n\t\t\t\t\t\t<div class=\"elementor-element elementor-element-4160840c elementor-widget__width-initial elementor-widget elementor-widget-spacer\" data-id=\"4160840c\" data-element_type=\"widget\" data-widget_type=\"spacer.default\">\n\t\t\t\t<div class=\"elementor-widget-container\">\n\t\t\t\t\t\t\t<div class=\"elementor-spacer\">\n\t\t\t<div class=\"elementor-spacer-inner\"><\/div>\n\t\t<\/div>\n\t\t\t\t\t\t<\/div>\n\t\t\t\t<\/div>\n\t\t\t\t<div class=\"elementor-element elementor-element-9dfa099 elementor-view-default elementor-widget elementor-widget-icon\" data-id=\"9dfa099\" data-element_type=\"widget\" data-widget_type=\"icon.default\">\n\t\t\t\t<div class=\"elementor-widget-container\">\n\t\t\t\t\t\t\t<div class=\"elementor-icon-wrapper\">\n\t\t\t<div class=\"elementor-icon\">\n\t\t\t<i aria-hidden=\"true\" class=\"fas fa-circle\"><\/i>\t\t\t<\/div>\n\t\t<\/div>\n\t\t\t\t\t\t<\/div>\n\t\t\t\t<\/div>\n\t\t\t\t\t<\/div>\n\t\t<\/div>\n\t\t\t\t<div class=\"elementor-column elementor-col-33 elementor-top-column elementor-element elementor-element-211a9b71\" data-id=\"211a9b71\" data-element_type=\"column\">\n\t\t\t<div class=\"elementor-widget-wrap\">\n\t\t\t\t\t\t\t<\/div>\n\t\t<\/div>\n\t\t\t\t\t<\/div>\n\t\t<\/section>\n\t\t\t\t<section class=\"elementor-section elementor-top-section elementor-element elementor-element-482a0cc elementor-section-boxed elementor-section-height-default elementor-section-height-default\" data-id=\"482a0cc\" data-element_type=\"section\">\n\t\t\t\t\t\t<div class=\"elementor-container elementor-column-gap-default\">\n\t\t\t\t\t<div class=\"elementor-column elementor-col-100 elementor-top-column elementor-element elementor-element-8ba3176\" data-id=\"8ba3176\" data-element_type=\"column\">\n\t\t\t<div class=\"elementor-widget-wrap elementor-element-populated\">\n\t\t\t\t\t\t<div class=\"elementor-element elementor-element-8bec395 elementor-widget elementor-widget-heading\" data-id=\"8bec395\" data-element_type=\"widget\" data-settings=\"{&quot;_animation&quot;:&quot;none&quot;}\" data-widget_type=\"heading.default\">\n\t\t\t\t<div class=\"elementor-widget-container\">\n\t\t\t\t\t<h1 class=\"elementor-heading-title elementor-size-default\">Donnerstag, 03.11.2022, ab 18.30&nbsp;Uhr<\/h1>\t\t\t\t<\/div>\n\t\t\t\t<\/div>\n\t\t\t\t<div class=\"elementor-element elementor-element-0824923 elementor-widget elementor-widget-heading\" data-id=\"0824923\" data-element_type=\"widget\" data-settings=\"{&quot;_animation&quot;:&quot;none&quot;}\" data-widget_type=\"heading.default\">\n\t\t\t\t<div class=\"elementor-widget-container\">\n\t\t\t\t\t<h2 class=\"elementor-heading-title elementor-size-default\">Night of AI\n\n<\/h2>\t\t\t\t<\/div>\n\t\t\t\t<\/div>\n\t\t\t\t<div class=\"elementor-element elementor-element-e1d5387 elementor-widget elementor-widget-image\" data-id=\"e1d5387\" data-element_type=\"widget\" data-widget_type=\"image.default\">\n\t\t\t\t<div class=\"elementor-widget-container\">\n\t\t\t\t\t\t\t\t\t\t\t\t\t\t\t<img fetchpriority=\"high\" decoding=\"async\" width=\"800\" height=\"297\" src=\"https:\/\/woche-der-ki.de\/wp-content\/uploads\/2022\/09\/night-of-ai-1024x380.jpg\" class=\"attachment-large size-large wp-image-2331\" alt=\"\" srcset=\"https:\/\/woche-der-ki.de\/wp-content\/uploads\/2022\/09\/night-of-ai-1024x380.jpg 1024w, https:\/\/woche-der-ki.de\/wp-content\/uploads\/2022\/09\/night-of-ai-300x111.jpg 300w, https:\/\/woche-der-ki.de\/wp-content\/uploads\/2022\/09\/night-of-ai-768x285.jpg 768w, https:\/\/woche-der-ki.de\/wp-content\/uploads\/2022\/09\/night-of-ai.jpg 1170w\" sizes=\"(max-width: 800px) 100vw, 800px\" \/>\t\t\t\t\t\t\t\t\t\t\t\t\t\t\t<\/div>\n\t\t\t\t<\/div>\n\t\t\t\t<div class=\"elementor-element elementor-element-4d2ed6c elementor-widget elementor-widget-text-editor\" data-id=\"4d2ed6c\" data-element_type=\"widget\" data-widget_type=\"text-editor.default\">\n\t\t\t\t<div class=\"elementor-widget-container\">\n\t\t\t\t\t\t\t\t\t<p><strong>Veranstalter: <\/strong>KIA TH L\u00fcbeck, KI Transferhub<\/p>\n<p><strong>Art der Veranstaltung: <\/strong>Symposium, \u00f6ffentliche Veranstaltung<\/p>\n<p><strong>Zielgruppe: <\/strong>KI Experten aus Wirtschaft und Hochschule (speaker) sowie KI Interessierte (reine Zuh\u00f6rer)<\/p>\n<p><strong>Programm<\/strong>: <a href=\"https:\/\/woche-der-ki.de\/wp-content\/uploads\/2022\/10\/NightOfAI_program_short.pdf\" target=\"_blank\" rel=\"noopener\"><b>Programm\u00fcbersicht<\/b>&nbsp;<\/a><\/p>\n<p><strong>Anmeldung:&nbsp;<\/strong>Speaker m\u00fcssen ihren Beitrag bis zum <b>21.10.2022<\/b> unter folgender Adresse anmelden:<b> <a href=\"http:\/\/www.th-luebeck.de\/nightofai\" target=\"_blank\" rel=\"noopener\">www.th-luebeck.de\/nightofai<\/a><\/b><\/p>\n<p><strong>Max. Zahl der Teilnehmenden: <\/strong>unbeschr\u00e4nkt<\/p>\n<p><strong>Ort: <\/strong>Hanse Innovation Campus L\u00fcbeck, Bauforum TH L\u00fcbeck<\/p>\n<p><strong>Kontakt: <\/strong><a href=\"mailto:nightofai@th-luebeck.de\"><b>nightofai@th-luebeck.de<\/b><\/a><\/p>\t\t\t\t\t\t\t\t<\/div>\n\t\t\t\t<\/div>\n\t\t\t\t<div class=\"elementor-element elementor-element-07e76a0 elementor-widget elementor-widget-image\" data-id=\"07e76a0\" data-element_type=\"widget\" data-widget_type=\"image.default\">\n\t\t\t\t<div class=\"elementor-widget-container\">\n\t\t\t\t\t\t\t\t\t\t\t\t\t\t\t<img decoding=\"async\" width=\"768\" height=\"171\" src=\"https:\/\/woche-der-ki.de\/wp-content\/uploads\/2022\/09\/logos-nightofai-768x171.jpg\" class=\"attachment-medium_large size-medium_large wp-image-2332\" alt=\"\" srcset=\"https:\/\/woche-der-ki.de\/wp-content\/uploads\/2022\/09\/logos-nightofai-768x171.jpg 768w, https:\/\/woche-der-ki.de\/wp-content\/uploads\/2022\/09\/logos-nightofai-300x67.jpg 300w, https:\/\/woche-der-ki.de\/wp-content\/uploads\/2022\/09\/logos-nightofai.jpg 898w\" sizes=\"(max-width: 768px) 100vw, 768px\" \/>\t\t\t\t\t\t\t\t\t\t\t\t\t\t\t<\/div>\n\t\t\t\t<\/div>\n\t\t\t\t\t<\/div>\n\t\t<\/div>\n\t\t\t\t\t<\/div>\n\t\t<\/section>\n\t\t\t\t<\/div>\n\t\t","protected":false},"excerpt":{"rendered":"<p>Donnerstag, 03.11.2022, ab 18.30&nbsp;Uhr Night of AI Veranstalter: KIA TH L\u00fcbeck, KI Transferhub Art der Veranstaltung: Symposium, \u00f6ffentliche Veranstaltung Zielgruppe: KI Experten aus Wirtschaft und Hochschule (speaker) sowie KI Interessierte (reine Zuh\u00f6rer) Programm: Programm\u00fcbersicht&nbsp; Anmeldung:&nbsp;Speaker m\u00fcssen ihren Beitrag bis zum 21.10.2022 unter folgender Adresse anmelden: www.th-luebeck.de\/nightofai Max. Zahl der Teilnehmenden: unbeschr\u00e4nkt Ort: Hanse Innovation Campus [&hellip;]<\/p>\n","protected":false},"author":2,"featured_media":0,"parent":0,"menu_order":0,"comment_status":"closed","ping_status":"closed","template":"","meta":{"footnotes":""},"class_list":["post-2330","page","type-page","status-publish","hentry"],"_links":{"self":[{"href":"https:\/\/woche-der-ki.de\/index.php\/wp-json\/wp\/v2\/pages\/2330","targetHints":{"allow":["GET"]}}],"collection":[{"href":"https:\/\/woche-der-ki.de\/index.php\/wp-json\/wp\/v2\/pages"}],"about":[{"href":"https:\/\/woche-der-ki.de\/index.php\/wp-json\/wp\/v2\/types\/page"}],"author":[{"embeddable":true,"href":"https:\/\/woche-der-ki.de\/index.php\/wp-json\/wp\/v2\/users\/2"}],"replies":[{"embeddable":true,"href":"https:\/\/woche-der-ki.de\/index.php\/wp-json\/wp\/v2\/comments?post=2330"}],"version-history":[{"count":29,"href":"https:\/\/woche-der-ki.de\/index.php\/wp-json\/wp\/v2\/pages\/2330\/revisions"}],"predecessor-version":[{"id":3434,"href":"https:\/\/woche-der-ki.de\/index.php\/wp-json\/wp\/v2\/pages\/2330\/revisions\/3434"}],"wp:attachment":[{"href":"https:\/\/woche-der-ki.de\/index.php\/wp-json\/wp\/v2\/media?parent=2330"}],"curies":[{"name":"wp","href":"https:\/\/api.w.org\/{rel}","templated":true}]}}