{"id":2435,"date":"2022-09-27T18:19:58","date_gmt":"2022-09-27T16:19:58","guid":{"rendered":"https:\/\/woche-der-ki.de\/?page_id=2435"},"modified":"2022-10-26T13:03:31","modified_gmt":"2022-10-26T11:03:31","slug":"ausstellung-lubecker-ki-erlebnistage-2","status":"publish","type":"page","link":"https:\/\/woche-der-ki.de\/index.php\/ausstellung-lubecker-ki-erlebnistage-2\/","title":{"rendered":"Ausstellung L\u00fcbecker KI-Erlebnistage"},"content":{"rendered":"\t\t<div data-elementor-type=\"wp-page\" data-elementor-id=\"2435\" class=\"elementor elementor-2435\" data-elementor-post-type=\"page\">\n\t\t\t\t\t\t<section class=\"elementor-section elementor-top-section elementor-element elementor-element-68871bd1 elementor-section-full_width elementor-section-height-default elementor-section-height-default\" data-id=\"68871bd1\" data-element_type=\"section\">\n\t\t\t\t\t\t<div class=\"elementor-container elementor-column-gap-default\">\n\t\t\t\t\t<div class=\"elementor-column elementor-col-33 elementor-top-column elementor-element elementor-element-6d7e1407\" data-id=\"6d7e1407\" data-element_type=\"column\">\n\t\t\t<div class=\"elementor-widget-wrap\">\n\t\t\t\t\t\t\t<\/div>\n\t\t<\/div>\n\t\t\t\t<div class=\"elementor-column elementor-col-33 elementor-top-column elementor-element elementor-element-4f9f2080\" data-id=\"4f9f2080\" data-element_type=\"column\">\n\t\t\t<div class=\"elementor-widget-wrap elementor-element-populated\">\n\t\t\t\t\t\t<div class=\"elementor-element elementor-element-4160840c elementor-widget__width-initial elementor-widget elementor-widget-spacer\" data-id=\"4160840c\" data-element_type=\"widget\" data-widget_type=\"spacer.default\">\n\t\t\t\t<div class=\"elementor-widget-container\">\n\t\t\t\t\t\t\t<div class=\"elementor-spacer\">\n\t\t\t<div class=\"elementor-spacer-inner\"><\/div>\n\t\t<\/div>\n\t\t\t\t\t\t<\/div>\n\t\t\t\t<\/div>\n\t\t\t\t<div class=\"elementor-element elementor-element-9dfa099 elementor-view-default elementor-widget elementor-widget-icon\" data-id=\"9dfa099\" data-element_type=\"widget\" data-widget_type=\"icon.default\">\n\t\t\t\t<div class=\"elementor-widget-container\">\n\t\t\t\t\t\t\t<div class=\"elementor-icon-wrapper\">\n\t\t\t<div class=\"elementor-icon\">\n\t\t\t<i aria-hidden=\"true\" class=\"fas fa-circle\"><\/i>\t\t\t<\/div>\n\t\t<\/div>\n\t\t\t\t\t\t<\/div>\n\t\t\t\t<\/div>\n\t\t\t\t\t<\/div>\n\t\t<\/div>\n\t\t\t\t<div class=\"elementor-column elementor-col-33 elementor-top-column elementor-element elementor-element-211a9b71\" data-id=\"211a9b71\" data-element_type=\"column\">\n\t\t\t<div class=\"elementor-widget-wrap\">\n\t\t\t\t\t\t\t<\/div>\n\t\t<\/div>\n\t\t\t\t\t<\/div>\n\t\t<\/section>\n\t\t\t\t<section class=\"elementor-section elementor-top-section elementor-element elementor-element-482a0cc elementor-section-boxed elementor-section-height-default elementor-section-height-default\" data-id=\"482a0cc\" data-element_type=\"section\">\n\t\t\t\t\t\t<div class=\"elementor-container elementor-column-gap-default\">\n\t\t\t\t\t<div class=\"elementor-column elementor-col-100 elementor-top-column elementor-element elementor-element-8ba3176\" data-id=\"8ba3176\" data-element_type=\"column\">\n\t\t\t<div class=\"elementor-widget-wrap elementor-element-populated\">\n\t\t\t\t\t\t<div class=\"elementor-element elementor-element-8bec395 elementor-widget elementor-widget-heading\" data-id=\"8bec395\" data-element_type=\"widget\" data-settings=\"{&quot;_animation&quot;:&quot;none&quot;}\" data-widget_type=\"heading.default\">\n\t\t\t\t<div class=\"elementor-widget-container\">\n\t\t\t\t\t<h1 class=\"elementor-heading-title elementor-size-default\">Mittwoch, 02.11.2022,  10.00 - 16.00&nbsp;Uhr<\/h1>\t\t\t\t<\/div>\n\t\t\t\t<\/div>\n\t\t\t\t<div class=\"elementor-element elementor-element-0824923 elementor-widget elementor-widget-heading\" data-id=\"0824923\" data-element_type=\"widget\" data-settings=\"{&quot;_animation&quot;:&quot;none&quot;}\" data-widget_type=\"heading.default\">\n\t\t\t\t<div class=\"elementor-widget-container\">\n\t\t\t\t\t<h2 class=\"elementor-heading-title elementor-size-default\">Ausstellung L\u00fcbecker KI-Erlebnistage \n\n<\/h2>\t\t\t\t<\/div>\n\t\t\t\t<\/div>\n\t\t\t\t<div class=\"elementor-element elementor-element-4d2ed6c elementor-widget elementor-widget-text-editor\" data-id=\"4d2ed6c\" data-element_type=\"widget\" data-widget_type=\"text-editor.default\">\n\t\t\t\t<div class=\"elementor-widget-container\">\n\t\t\t\t\t\t\t\t\t<p>\u00d6ffentliche Veranstaltung<\/p>\n<p><strong>Ort:<\/strong> Rotunde der Musik- und Kongresshalle L\u00fcbeck<\/p>\n<p>Die L\u00fcbecker Hochschulen, das Deutsche Forschungszentrum f\u00fcr K\u00fcnstliche Intelligenz, die Fraunhofer Einrichtung f\u00fcr Individualisierte und Zellbasierte Medizintechnik (IMTE) sowie die L\u00fcbecker Wirtschaft stellen aktuelle Forschungs- und Entwicklungsergebnisse aus dem Bereich der K\u00fcnstlichen Intelligenz und ihrer Anwendungen vor. Es erwartet Sie ein <a href=\"https:\/\/woche-der-ki.de\/wp-content\/uploads\/2022\/10\/WEB_Luebecker-KI-Erlebnistage-Ausstelleruebersicht_02.11.22.pdf\" target=\"_blank\" rel=\"noopener\"><b>umfangreiches Ausstellungsprogramm<\/b><\/a>, das zum Mitmachen, Ausprobieren, Entdecken und Erleben einl\u00e4dt: Von Robotik, autonomen Drohnen und Autos bis hin zur 3D Visualisierung neuronaler Netze und dem Einsatz von KI in der Medizin, Medizintechnik und assistiven Gesundheitstechnologien.<\/p>\n<p>Wollten Sie schon immer mal eine Virtual Reality-Brille ausprobieren und ein k\u00fcnstliches neuronales Netz in 3D sehen? Lassen Sie die elektrische Aktivit\u00e4t Ihrer Muskeln anhand eines interaktiven Spiels messen und finden Sie heraus, wie Signale mit Hilfe von Edge-AI verarbeitet werden. Wie k\u00f6nnen KI-Algorithmen aus Daten lernen, um medizinische Entscheidungen in Pr\u00e4vention, Diagnostik, Therapie und Pflege zu unterst\u00fctzen? Was bedeutet eigentlich \u201eMixed Reality\u201c und wo wird sie eingesetzt? Wie wird L\u00fcbeck zur Smart City? Wie kann uns KI in Energie und Mobilit\u00e4t voranbringen? Und wie kann man Ethik in der Technikentwicklung adressieren?<\/p>\n<p><a href=\"https:\/\/woche-der-ki.de\/wp-content\/uploads\/2022\/10\/WEB_Luebecker-KI-Erlebnistage-Ausstelleruebersicht_02.11.22.pdf\" target=\"_blank\" rel=\"noopener\"><b>Mehr als 20 AusstellerInnen<\/b><\/a> nehmen Sie mit auf eine spannende Reise und zeigen ihre KI-Projekte von heute f\u00fcr morgen. Wir laden Sie herzlich ein und freuen uns auf Ihren Besuch!<\/p>\t\t\t\t\t\t\t\t<\/div>\n\t\t\t\t<\/div>\n\t\t\t\t<div class=\"elementor-element elementor-element-dc62cc8 elementor-widget elementor-widget-image\" data-id=\"dc62cc8\" data-element_type=\"widget\" data-widget_type=\"image.default\">\n\t\t\t\t<div class=\"elementor-widget-container\">\n\t\t\t\t\t\t\t\t\t\t\t\t\t\t\t<img fetchpriority=\"high\" decoding=\"async\" width=\"768\" height=\"768\" src=\"https:\/\/woche-der-ki.de\/wp-content\/uploads\/2022\/10\/Lu\u0308becker-KI-Erlebnistage_neu-768x768.jpeg\" class=\"attachment-medium_large size-medium_large wp-image-2612\" alt=\"L\u00fcbecker KI-Erlebnistage\" srcset=\"https:\/\/woche-der-ki.de\/wp-content\/uploads\/2022\/10\/Lu\u0308becker-KI-Erlebnistage_neu-768x768.jpeg 768w, https:\/\/woche-der-ki.de\/wp-content\/uploads\/2022\/10\/Lu\u0308becker-KI-Erlebnistage_neu-300x300.jpeg 300w, https:\/\/woche-der-ki.de\/wp-content\/uploads\/2022\/10\/Lu\u0308becker-KI-Erlebnistage_neu-1024x1024.jpeg 1024w, https:\/\/woche-der-ki.de\/wp-content\/uploads\/2022\/10\/Lu\u0308becker-KI-Erlebnistage_neu-150x150.jpeg 150w, https:\/\/woche-der-ki.de\/wp-content\/uploads\/2022\/10\/Lu\u0308becker-KI-Erlebnistage_neu.jpeg 1240w\" sizes=\"(max-width: 768px) 100vw, 768px\" \/>\t\t\t\t\t\t\t\t\t\t\t\t\t\t\t<\/div>\n\t\t\t\t<\/div>\n\t\t\t\t\t<\/div>\n\t\t<\/div>\n\t\t\t\t\t<\/div>\n\t\t<\/section>\n\t\t\t\t<\/div>\n\t\t","protected":false},"excerpt":{"rendered":"<p>Mittwoch, 02.11.2022, 10.00 &#8211; 16.00&nbsp;Uhr Ausstellung L\u00fcbecker KI-Erlebnistage \u00d6ffentliche Veranstaltung Ort: Rotunde der Musik- und Kongresshalle L\u00fcbeck Die L\u00fcbecker Hochschulen, das Deutsche Forschungszentrum f\u00fcr K\u00fcnstliche Intelligenz, die Fraunhofer Einrichtung f\u00fcr Individualisierte und Zellbasierte Medizintechnik (IMTE) sowie die L\u00fcbecker Wirtschaft stellen aktuelle Forschungs- und Entwicklungsergebnisse aus dem Bereich der K\u00fcnstlichen Intelligenz und ihrer Anwendungen vor. Es [&hellip;]<\/p>\n","protected":false},"author":2,"featured_media":0,"parent":0,"menu_order":0,"comment_status":"closed","ping_status":"closed","template":"","meta":{"footnotes":""},"class_list":["post-2435","page","type-page","status-publish","hentry"],"_links":{"self":[{"href":"https:\/\/woche-der-ki.de\/index.php\/wp-json\/wp\/v2\/pages\/2435","targetHints":{"allow":["GET"]}}],"collection":[{"href":"https:\/\/woche-der-ki.de\/index.php\/wp-json\/wp\/v2\/pages"}],"about":[{"href":"https:\/\/woche-der-ki.de\/index.php\/wp-json\/wp\/v2\/types\/page"}],"author":[{"embeddable":true,"href":"https:\/\/woche-der-ki.de\/index.php\/wp-json\/wp\/v2\/users\/2"}],"replies":[{"embeddable":true,"href":"https:\/\/woche-der-ki.de\/index.php\/wp-json\/wp\/v2\/comments?post=2435"}],"version-history":[{"count":19,"href":"https:\/\/woche-der-ki.de\/index.php\/wp-json\/wp\/v2\/pages\/2435\/revisions"}],"predecessor-version":[{"id":2758,"href":"https:\/\/woche-der-ki.de\/index.php\/wp-json\/wp\/v2\/pages\/2435\/revisions\/2758"}],"wp:attachment":[{"href":"https:\/\/woche-der-ki.de\/index.php\/wp-json\/wp\/v2\/media?parent=2435"}],"curies":[{"name":"wp","href":"https:\/\/api.w.org\/{rel}","templated":true}]}}