{"id":3020,"date":"2023-10-13T15:41:30","date_gmt":"2023-10-13T13:41:30","guid":{"rendered":"https:\/\/woche-der-ki.de\/?page_id=3020"},"modified":"2023-11-06T11:00:33","modified_gmt":"2023-11-06T10:00:33","slug":"antrittsvorlesung-herzog","status":"publish","type":"page","link":"https:\/\/woche-der-ki.de\/index.php\/antrittsvorlesung-herzog\/","title":{"rendered":"Antrittsvorlesung Prof. Dr. Christian Herzog"},"content":{"rendered":"\t\t<div data-elementor-type=\"wp-page\" data-elementor-id=\"3020\" class=\"elementor elementor-3020\" data-elementor-post-type=\"page\">\n\t\t\t\t\t\t<section class=\"elementor-section elementor-top-section elementor-element elementor-element-68871bd1 elementor-section-full_width elementor-section-height-default elementor-section-height-default\" data-id=\"68871bd1\" data-element_type=\"section\" data-e-type=\"section\">\n\t\t\t\t\t\t<div class=\"elementor-container elementor-column-gap-default\">\n\t\t\t\t\t<div class=\"elementor-column elementor-col-33 elementor-top-column elementor-element elementor-element-6d7e1407\" data-id=\"6d7e1407\" data-element_type=\"column\" data-e-type=\"column\">\n\t\t\t<div class=\"elementor-widget-wrap\">\n\t\t\t\t\t\t\t<\/div>\n\t\t<\/div>\n\t\t\t\t<div class=\"elementor-column elementor-col-33 elementor-top-column elementor-element elementor-element-4f9f2080\" data-id=\"4f9f2080\" data-element_type=\"column\" data-e-type=\"column\">\n\t\t\t<div class=\"elementor-widget-wrap elementor-element-populated\">\n\t\t\t\t\t\t<div class=\"elementor-element elementor-element-4160840c elementor-widget__width-initial elementor-widget elementor-widget-spacer\" data-id=\"4160840c\" data-element_type=\"widget\" data-e-type=\"widget\" data-widget_type=\"spacer.default\">\n\t\t\t\t<div class=\"elementor-widget-container\">\n\t\t\t\t\t\t\t<div class=\"elementor-spacer\">\n\t\t\t<div class=\"elementor-spacer-inner\"><\/div>\n\t\t<\/div>\n\t\t\t\t\t\t<\/div>\n\t\t\t\t<\/div>\n\t\t\t\t<div class=\"elementor-element elementor-element-9dfa099 elementor-view-default elementor-widget elementor-widget-icon\" data-id=\"9dfa099\" data-element_type=\"widget\" data-e-type=\"widget\" data-widget_type=\"icon.default\">\n\t\t\t\t<div class=\"elementor-widget-container\">\n\t\t\t\t\t\t\t<div class=\"elementor-icon-wrapper\">\n\t\t\t<div class=\"elementor-icon\">\n\t\t\t<i aria-hidden=\"true\" class=\"fas fa-circle\"><\/i>\t\t\t<\/div>\n\t\t<\/div>\n\t\t\t\t\t\t<\/div>\n\t\t\t\t<\/div>\n\t\t\t\t\t<\/div>\n\t\t<\/div>\n\t\t\t\t<div class=\"elementor-column elementor-col-33 elementor-top-column elementor-element elementor-element-211a9b71\" data-id=\"211a9b71\" data-element_type=\"column\" data-e-type=\"column\">\n\t\t\t<div class=\"elementor-widget-wrap\">\n\t\t\t\t\t\t\t<\/div>\n\t\t<\/div>\n\t\t\t\t\t<\/div>\n\t\t<\/section>\n\t\t\t\t<section class=\"elementor-section elementor-top-section elementor-element elementor-element-482a0cc elementor-section-boxed elementor-section-height-default elementor-section-height-default\" data-id=\"482a0cc\" data-element_type=\"section\" data-e-type=\"section\">\n\t\t\t\t\t\t<div class=\"elementor-container elementor-column-gap-default\">\n\t\t\t\t\t<div class=\"elementor-column elementor-col-100 elementor-top-column elementor-element elementor-element-8ba3176\" data-id=\"8ba3176\" data-element_type=\"column\" data-e-type=\"column\">\n\t\t\t<div class=\"elementor-widget-wrap elementor-element-populated\">\n\t\t\t\t\t\t<div class=\"elementor-element elementor-element-8bec395 elementor-widget elementor-widget-heading\" data-id=\"8bec395\" data-element_type=\"widget\" data-e-type=\"widget\" data-settings=\"{&quot;_animation&quot;:&quot;none&quot;}\" data-widget_type=\"heading.default\">\n\t\t\t\t<div class=\"elementor-widget-container\">\n\t\t\t\t\t<h1 class=\"elementor-heading-title elementor-size-default\">Montag, 06.11.2023,  ab 17.00&nbsp;ct Uhr<\/h1>\t\t\t\t<\/div>\n\t\t\t\t<\/div>\n\t\t\t\t<div class=\"elementor-element elementor-element-0824923 elementor-widget elementor-widget-heading\" data-id=\"0824923\" data-element_type=\"widget\" data-e-type=\"widget\" data-settings=\"{&quot;_animation&quot;:&quot;none&quot;}\" data-widget_type=\"heading.default\">\n\t\t\t\t<div class=\"elementor-widget-container\">\n\t\t\t\t\t<h2 class=\"elementor-heading-title elementor-size-default\">Darf KI eine Black-Box sein? Warum wir erkl\u00e4rbare KI in der Medizin brauchen\n<\/h2>\t\t\t\t<\/div>\n\t\t\t\t<\/div>\n\t\t\t\t<div class=\"elementor-element elementor-element-4d2ed6c elementor-widget elementor-widget-text-editor\" data-id=\"4d2ed6c\" data-element_type=\"widget\" data-e-type=\"widget\" data-widget_type=\"text-editor.default\">\n\t\t\t\t<div class=\"elementor-widget-container\">\n\t\t\t\t\t\t\t\t\t<p><strong>Antrittsvorlesung<\/strong> Prof. Dr. Christian Herzog, Professor f\u00fcr&nbsp;ethische, rechtliche und soziale Aspekte der KI<\/p>\n<p><strong>Ort:<\/strong> Hanse Innovation Campus L\u00fcbeck, Audimax AM3 und <a href=\"https:\/\/uni-luebeck.webex.com\/weblink\/register\/ra202f4a009c9bdda546489904e41b48c\" target=\"_blank\" rel=\"noopener\"><b>online \u00fcber Webex<\/b><\/a><\/p>\n<p style=\"margin: 0cm;\"><span style=\"color: #212121;\">Ob bei der Navigation, der Auswahl von Musik, dem Ausformulieren von Texten, oder neuerdings auch bei ganzen Brainstormings \u2014 viele Aufgaben delegieren wir bereits an algorithmische Systeme. Auch in der Medizin wird K\u00fcnstliche Intelligenz bereits vielf\u00e4ltig eingesetzt. G\u00e4ngige Ans\u00e4tze f\u00fchren jedoch h\u00e4ufig dazu, dass unklar bleibt, warum eine K\u00fcnstliche Intelligenz zu einem bestimmten Ergebnis kommt. So stehen gegebenenfalls automatisierte Diagnose-, Therapie- oder Verfahrensempfehlungen neben \u00e4rztlicher Expertise ohne eine echte M\u00f6glichkeit zu einer informierten Abw\u00e4gung. Ist dies aus ethischer, rechtlicher und sozialer Sicht vertretbar? Die Antrittsvorlesung veranschaulicht am Beispiel der Medizin den ethischen Nutzen von erkl\u00e4rbarer KI und wagt den Blick dar\u00fcber hinaus auf den Wert menschlicher Entscheidungsfindung.<\/span><\/p>\t\t\t\t\t\t\t\t<\/div>\n\t\t\t\t<\/div>\n\t\t\t\t\t<\/div>\n\t\t<\/div>\n\t\t\t\t\t<\/div>\n\t\t<\/section>\n\t\t\t\t<\/div>\n\t\t","protected":false},"excerpt":{"rendered":"<p>Montag, 06.11.2023, ab 17.00&nbsp;ct Uhr Darf KI eine Black-Box sein? Warum wir erkl\u00e4rbare KI in der Medizin brauchen Antrittsvorlesung Prof. Dr. Christian Herzog, Professor f\u00fcr&nbsp;ethische, rechtliche und soziale Aspekte der KI Ort: Hanse Innovation Campus L\u00fcbeck, Audimax AM3 und online \u00fcber Webex Ob bei der Navigation, der Auswahl von Musik, dem Ausformulieren von Texten, oder [&hellip;]<\/p>\n","protected":false},"author":2,"featured_media":0,"parent":0,"menu_order":0,"comment_status":"closed","ping_status":"closed","template":"","meta":{"footnotes":""},"class_list":["post-3020","page","type-page","status-publish","hentry"],"_links":{"self":[{"href":"https:\/\/woche-der-ki.de\/index.php\/wp-json\/wp\/v2\/pages\/3020","targetHints":{"allow":["GET"]}}],"collection":[{"href":"https:\/\/woche-der-ki.de\/index.php\/wp-json\/wp\/v2\/pages"}],"about":[{"href":"https:\/\/woche-der-ki.de\/index.php\/wp-json\/wp\/v2\/types\/page"}],"author":[{"embeddable":true,"href":"https:\/\/woche-der-ki.de\/index.php\/wp-json\/wp\/v2\/users\/2"}],"replies":[{"embeddable":true,"href":"https:\/\/woche-der-ki.de\/index.php\/wp-json\/wp\/v2\/comments?post=3020"}],"version-history":[{"count":14,"href":"https:\/\/woche-der-ki.de\/index.php\/wp-json\/wp\/v2\/pages\/3020\/revisions"}],"predecessor-version":[{"id":3244,"href":"https:\/\/woche-der-ki.de\/index.php\/wp-json\/wp\/v2\/pages\/3020\/revisions\/3244"}],"wp:attachment":[{"href":"https:\/\/woche-der-ki.de\/index.php\/wp-json\/wp\/v2\/media?parent=3020"}],"curies":[{"name":"wp","href":"https:\/\/api.w.org\/{rel}","templated":true}]}}

<div data-elementor-type="wp-page" data-elementor-id="3020" class="elementor elementor-3020" data-elementor-post-type="page">
						<section class="elementor-section elementor-top-section elementor-element elementor-element-68871bd1 elementor-section-full_width elementor-section-height-default elementor-section-height-default" data-id="68871bd1" data-element_type="section" data-e-type="section">
						<div class="elementor-container elementor-column-gap-default">
					<div class="elementor-column elementor-col-33 elementor-top-column elementor-element elementor-element-6d7e1407" data-id="6d7e1407" data-element_type="column" data-e-type="column">
			<div class="elementor-widget-wrap">
							</div>
		</div>
				<div class="elementor-column elementor-col-33 elementor-top-column elementor-element elementor-element-4f9f2080" data-id="4f9f2080" data-element_type="column" data-e-type="column">
			<div class="elementor-widget-wrap elementor-element-populated">
						<div class="elementor-element elementor-element-4160840c elementor-widget__width-initial elementor-widget elementor-widget-spacer" data-id="4160840c" data-element_type="widget" data-e-type="widget" data-widget_type="spacer.default">
				<div class="elementor-widget-container">
							<div class="elementor-spacer">
			<div class="elementor-spacer-inner"></div>
		</div>
						</div>
				</div>
				<div class="elementor-element elementor-element-9dfa099 elementor-view-default elementor-widget elementor-widget-icon" data-id="9dfa099" data-element_type="widget" data-e-type="widget" data-widget_type="icon.default">
				<div class="elementor-widget-container">
							<div class="elementor-icon-wrapper">
			<div class="elementor-icon">
			<i aria-hidden="true" class="fas fa-circle"></i>			</div>
		</div>
						</div>
				</div>
					</div>
		</div>
				<div class="elementor-column elementor-col-33 elementor-top-column elementor-element elementor-element-211a9b71" data-id="211a9b71" data-element_type="column" data-e-type="column">
			<div class="elementor-widget-wrap">
							</div>
		</div>
					</div>
		</section>
				<section class="elementor-section elementor-top-section elementor-element elementor-element-482a0cc elementor-section-boxed elementor-section-height-default elementor-section-height-default" data-id="482a0cc" data-element_type="section" data-e-type="section">
						<div class="elementor-container elementor-column-gap-default">
					<div class="elementor-column elementor-col-100 elementor-top-column elementor-element elementor-element-8ba3176" data-id="8ba3176" data-element_type="column" data-e-type="column">
			<div class="elementor-widget-wrap elementor-element-populated">
						<div class="elementor-element elementor-element-8bec395 elementor-widget elementor-widget-heading" data-id="8bec395" data-element_type="widget" data-e-type="widget" data-settings="{&quot;_animation&quot;:&quot;none&quot;}" data-widget_type="heading.default">
				<div class="elementor-widget-container">
					<h1 class="elementor-heading-title elementor-size-default">Montag, 06.11.2023,  ab 17.00&nbsp;ct Uhr</h1>				</div>
				</div>
				<div class="elementor-element elementor-element-0824923 elementor-widget elementor-widget-heading" data-id="0824923" data-element_type="widget" data-e-type="widget" data-settings="{&quot;_animation&quot;:&quot;none&quot;}" data-widget_type="heading.default">
				<div class="elementor-widget-container">
					<h2 class="elementor-heading-title elementor-size-default">Darf KI eine Black-Box sein? Warum wir erklärbare KI in der Medizin brauchen
</h2>				</div>
				</div>
				<div class="elementor-element elementor-element-4d2ed6c elementor-widget elementor-widget-text-editor" data-id="4d2ed6c" data-element_type="widget" data-e-type="widget" data-widget_type="text-editor.default">
				<div class="elementor-widget-container">
									<p><strong>Antrittsvorlesung</strong> Prof. Dr. Christian Herzog, Professor für&nbsp;ethische, rechtliche und soziale Aspekte der KI</p>
<p><strong>Ort:</strong> Hanse Innovation Campus Lübeck, Audimax AM3 und <a href="https://uni-luebeck.webex.com/weblink/register/ra202f4a009c9bdda546489904e41b48c" target="_blank" rel="noopener"><b>online über Webex</b></a></p>
<p style="margin: 0cm;"><span style="color: #212121;">Ob bei der Navigation, der Auswahl von Musik, dem Ausformulieren von Texten, oder neuerdings auch bei ganzen Brainstormings — viele Aufgaben delegieren wir bereits an algorithmische Systeme. Auch in der Medizin wird Künstliche Intelligenz bereits vielfältig eingesetzt. Gängige Ansätze führen jedoch häufig dazu, dass unklar bleibt, warum eine Künstliche Intelligenz zu einem bestimmten Ergebnis kommt. So stehen gegebenenfalls automatisierte Diagnose-, Therapie- oder Verfahrensempfehlungen neben ärztlicher Expertise ohne eine echte Möglichkeit zu einer informierten Abwägung. Ist dies aus ethischer, rechtlicher und sozialer Sicht vertretbar? Die Antrittsvorlesung veranschaulicht am Beispiel der Medizin den ethischen Nutzen von erklärbarer KI und wagt den Blick darüber hinaus auf den Wert menschlicher Entscheidungsfindung.</span></p>								</div>
				</div>
					</div>
		</div>
					</div>
		</section>
				</div>

<p>Montag, 06.11.2023, ab 17.00&nbsp;ct Uhr Darf KI eine Black-Box sein? Warum wir erklärbare KI in der Medizin brauchen Antrittsvorlesung Prof. Dr. Christian Herzog, Professor für&nbsp;ethische, rechtliche und soziale Aspekte der KI Ort: Hanse Innovation Campus Lübeck, Audimax AM3 und online über Webex Ob bei der Navigation, der Auswahl von Musik, dem Ausformulieren von Texten, oder [&hellip;]</p>
