{"id":3077,"date":"2023-10-17T13:36:36","date_gmt":"2023-10-17T11:36:36","guid":{"rendered":"https:\/\/woche-der-ki.de\/?page_id=3077"},"modified":"2023-11-01T08:46:42","modified_gmt":"2023-11-01T07:46:42","slug":"erfolgreich-digitalisieren-mit-prozessoptimierung","status":"publish","type":"page","link":"https:\/\/woche-der-ki.de\/index.php\/erfolgreich-digitalisieren-mit-prozessoptimierung\/","title":{"rendered":"Erfolgreich digitalisieren mit Prozessoptimierung"},"content":{"rendered":"\t\t<div data-elementor-type=\"wp-page\" data-elementor-id=\"3077\" class=\"elementor elementor-3077\" data-elementor-post-type=\"page\">\n\t\t\t\t\t\t<section class=\"elementor-section elementor-top-section elementor-element elementor-element-68871bd1 elementor-section-full_width elementor-section-height-default elementor-section-height-default\" data-id=\"68871bd1\" data-element_type=\"section\">\n\t\t\t\t\t\t<div class=\"elementor-container elementor-column-gap-default\">\n\t\t\t\t\t<div class=\"elementor-column elementor-col-33 elementor-top-column elementor-element elementor-element-6d7e1407\" data-id=\"6d7e1407\" data-element_type=\"column\">\n\t\t\t<div class=\"elementor-widget-wrap\">\n\t\t\t\t\t\t\t<\/div>\n\t\t<\/div>\n\t\t\t\t<div class=\"elementor-column elementor-col-33 elementor-top-column elementor-element elementor-element-4f9f2080\" data-id=\"4f9f2080\" data-element_type=\"column\">\n\t\t\t<div class=\"elementor-widget-wrap elementor-element-populated\">\n\t\t\t\t\t\t<div class=\"elementor-element elementor-element-4160840c elementor-widget__width-initial elementor-widget elementor-widget-spacer\" data-id=\"4160840c\" data-element_type=\"widget\" data-widget_type=\"spacer.default\">\n\t\t\t\t<div class=\"elementor-widget-container\">\n\t\t\t\t\t\t\t<div class=\"elementor-spacer\">\n\t\t\t<div class=\"elementor-spacer-inner\"><\/div>\n\t\t<\/div>\n\t\t\t\t\t\t<\/div>\n\t\t\t\t<\/div>\n\t\t\t\t<div class=\"elementor-element elementor-element-9dfa099 elementor-view-default elementor-widget elementor-widget-icon\" data-id=\"9dfa099\" data-element_type=\"widget\" data-widget_type=\"icon.default\">\n\t\t\t\t<div class=\"elementor-widget-container\">\n\t\t\t\t\t\t\t<div class=\"elementor-icon-wrapper\">\n\t\t\t<div class=\"elementor-icon\">\n\t\t\t<i aria-hidden=\"true\" class=\"fas fa-circle\"><\/i>\t\t\t<\/div>\n\t\t<\/div>\n\t\t\t\t\t\t<\/div>\n\t\t\t\t<\/div>\n\t\t\t\t\t<\/div>\n\t\t<\/div>\n\t\t\t\t<div class=\"elementor-column elementor-col-33 elementor-top-column elementor-element elementor-element-211a9b71\" data-id=\"211a9b71\" data-element_type=\"column\">\n\t\t\t<div class=\"elementor-widget-wrap\">\n\t\t\t\t\t\t\t<\/div>\n\t\t<\/div>\n\t\t\t\t\t<\/div>\n\t\t<\/section>\n\t\t\t\t<section class=\"elementor-section elementor-top-section elementor-element elementor-element-482a0cc elementor-section-boxed elementor-section-height-default elementor-section-height-default\" data-id=\"482a0cc\" data-element_type=\"section\">\n\t\t\t\t\t\t<div class=\"elementor-container elementor-column-gap-default\">\n\t\t\t\t\t<div class=\"elementor-column elementor-col-100 elementor-top-column elementor-element elementor-element-8ba3176\" data-id=\"8ba3176\" data-element_type=\"column\">\n\t\t\t<div class=\"elementor-widget-wrap elementor-element-populated\">\n\t\t\t\t\t\t<div class=\"elementor-element elementor-element-8bec395 elementor-widget elementor-widget-heading\" data-id=\"8bec395\" data-element_type=\"widget\" data-settings=\"{&quot;_animation&quot;:&quot;none&quot;}\" data-widget_type=\"heading.default\">\n\t\t\t\t<div class=\"elementor-widget-container\">\n\t\t\t\t\t<h1 class=\"elementor-heading-title elementor-size-default\">Montag, 06.11.2023,  14.00-18.00 Uhr<\/h1>\t\t\t\t<\/div>\n\t\t\t\t<\/div>\n\t\t\t\t<div class=\"elementor-element elementor-element-0824923 elementor-widget elementor-widget-heading\" data-id=\"0824923\" data-element_type=\"widget\" data-settings=\"{&quot;_animation&quot;:&quot;none&quot;}\" data-widget_type=\"heading.default\">\n\t\t\t\t<div class=\"elementor-widget-container\">\n\t\t\t\t\t<h2 class=\"elementor-heading-title elementor-size-default\">Erfolgreich digitalisieren mit Prozessoptimierung\n<\/h2>\t\t\t\t<\/div>\n\t\t\t\t<\/div>\n\t\t\t\t<div class=\"elementor-element elementor-element-4d2ed6c elementor-widget elementor-widget-text-editor\" data-id=\"4d2ed6c\" data-element_type=\"widget\" data-widget_type=\"text-editor.default\">\n\t\t\t\t<div class=\"elementor-widget-container\">\n\t\t\t\t\t\t\t\t\t<p>Interaktiver Workshop mit <a href=\"https:\/\/www.digitalzentrum-sh.de\/veranstaltung\/erfolgreich_digitalisieren_mit_Prozessoptimierung\" target=\"_blank\" rel=\"noopener\"><b>Anmeldung<\/b><\/a><\/p>\n<p><span style=\"color: black;\">Prozessoptimierung nimmt in der modernen Gesch\u00e4ftswelt eine wichtige Rolle ein. Effiziente Abl\u00e4ufe sind der Schl\u00fcssel zum Erfolg und zur Wettbewerbsf\u00e4higkeit von Unternehmen. Doch bevor Sie jetzt mit K\u00fcnstlicher Intelligenz die analogen Prozesse zu beschleunigen versuchen, sollten diese bereits strukturiert und zielorientiert gestaltet sein. Doch wie setzen Sie das in der Praxis um und wie machen Sie Ihre Prozesse bereit f\u00fcr Digitalisierung und KI? In unserem interaktiven Workshop zeigen wir Ihnen, wie Sie Prozessabl\u00e4ufe in Ihrem Unternehmen mit Hilfe von Prozessdenken optimieren k\u00f6nnen. Gemeinsam starten wir mit der Prozessmodellierung und wenden das Wissen direkt an einem Beispielprozess an.<\/span><\/p>\n<p><strong>Ort:<\/strong> Hanse Innovation Campus L\u00fcbeck, Geb\u00e4ude 13 TH L\u00fcbeck, Bessemerstr. Ecke Stephensonstr., Raum 13-3.56 CIB (oberstes Stockwerk)<br><a href=\"https:\/\/www.th-luebeck.de\/anfahrt\/\" target=\"_blank\" rel=\"noopener\"><b>Campusplan der Technischen Hochschule L\u00fcbeck<\/b><\/a><br><strong>\u00d6ffentliche Veranstaltung:<\/strong> ja<br><span style=\"font-family: var( --e-global-typography-text-font-family ), Sans-serif; font-size: var( --e-global-typography-text-font-size );\"><strong>Anmeldung:<\/strong> <a href=\"https:\/\/www.digitalzentrum-sh.de\/veranstaltung\/erfolgreich_digitalisieren_mit_Prozessoptimierung\" target=\"_blank\" rel=\"noopener\"><b>Anmeldung notwendig<\/b><\/a><br><strong>Veranstalter:<\/strong><\/span><span style=\"font-family: var( --e-global-typography-text-font-family ), Sans-serif; font-size: var( --e-global-typography-text-font-size ); font-weight: var( --e-global-typography-text-font-weight );\"> Mittelstand-Digital Zentrum Schleswig-Holstein<\/span><\/p>\t\t\t\t\t\t\t\t<\/div>\n\t\t\t\t<\/div>\n\t\t\t\t\t<\/div>\n\t\t<\/div>\n\t\t\t\t\t<\/div>\n\t\t<\/section>\n\t\t\t\t<\/div>\n\t\t","protected":false},"excerpt":{"rendered":"<p>Montag, 06.11.2023, 14.00-18.00 Uhr Erfolgreich digitalisieren mit Prozessoptimierung Interaktiver Workshop mit Anmeldung Prozessoptimierung nimmt in der modernen Gesch\u00e4ftswelt eine wichtige Rolle ein. Effiziente Abl\u00e4ufe sind der Schl\u00fcssel zum Erfolg und zur Wettbewerbsf\u00e4higkeit von Unternehmen. Doch bevor Sie jetzt mit K\u00fcnstlicher Intelligenz die analogen Prozesse zu beschleunigen versuchen, sollten diese bereits strukturiert und zielorientiert gestaltet sein. [&hellip;]<\/p>\n","protected":false},"author":2,"featured_media":0,"parent":0,"menu_order":0,"comment_status":"closed","ping_status":"closed","template":"","meta":{"footnotes":""},"class_list":["post-3077","page","type-page","status-publish","hentry"],"_links":{"self":[{"href":"https:\/\/woche-der-ki.de\/index.php\/wp-json\/wp\/v2\/pages\/3077","targetHints":{"allow":["GET"]}}],"collection":[{"href":"https:\/\/woche-der-ki.de\/index.php\/wp-json\/wp\/v2\/pages"}],"about":[{"href":"https:\/\/woche-der-ki.de\/index.php\/wp-json\/wp\/v2\/types\/page"}],"author":[{"embeddable":true,"href":"https:\/\/woche-der-ki.de\/index.php\/wp-json\/wp\/v2\/users\/2"}],"replies":[{"embeddable":true,"href":"https:\/\/woche-der-ki.de\/index.php\/wp-json\/wp\/v2\/comments?post=3077"}],"version-history":[{"count":7,"href":"https:\/\/woche-der-ki.de\/index.php\/wp-json\/wp\/v2\/pages\/3077\/revisions"}],"predecessor-version":[{"id":3145,"href":"https:\/\/woche-der-ki.de\/index.php\/wp-json\/wp\/v2\/pages\/3077\/revisions\/3145"}],"wp:attachment":[{"href":"https:\/\/woche-der-ki.de\/index.php\/wp-json\/wp\/v2\/media?parent=3077"}],"curies":[{"name":"wp","href":"https:\/\/api.w.org\/{rel}","templated":true}]}}