{"id":3396,"date":"2024-07-09T11:36:20","date_gmt":"2024-07-09T09:36:20","guid":{"rendered":"https:\/\/woche-der-ki.de\/?page_id=3396"},"modified":"2024-11-11T12:30:28","modified_gmt":"2024-11-11T11:30:28","slug":"ausstellung-luebecker-ki-erlebnistag-2024","status":"publish","type":"page","link":"https:\/\/woche-der-ki.de\/index.php\/ausstellung-luebecker-ki-erlebnistag-2024\/","title":{"rendered":"Ausstellung L\u00fcbecker KI-Erlebnistag"},"content":{"rendered":"\t\t<div data-elementor-type=\"wp-page\" data-elementor-id=\"3396\" class=\"elementor elementor-3396\" data-elementor-post-type=\"page\">\n\t\t\t\t\t\t<section class=\"elementor-section elementor-top-section elementor-element elementor-element-68871bd1 elementor-section-full_width elementor-section-height-default elementor-section-height-default\" data-id=\"68871bd1\" data-element_type=\"section\">\n\t\t\t\t\t\t<div class=\"elementor-container elementor-column-gap-default\">\n\t\t\t\t\t<div class=\"elementor-column elementor-col-33 elementor-top-column elementor-element elementor-element-6d7e1407\" data-id=\"6d7e1407\" data-element_type=\"column\">\n\t\t\t<div class=\"elementor-widget-wrap\">\n\t\t\t\t\t\t\t<\/div>\n\t\t<\/div>\n\t\t\t\t<div class=\"elementor-column elementor-col-33 elementor-top-column elementor-element elementor-element-4f9f2080\" data-id=\"4f9f2080\" data-element_type=\"column\">\n\t\t\t<div class=\"elementor-widget-wrap elementor-element-populated\">\n\t\t\t\t\t\t<div class=\"elementor-element elementor-element-4160840c elementor-widget__width-initial elementor-widget elementor-widget-spacer\" data-id=\"4160840c\" data-element_type=\"widget\" data-widget_type=\"spacer.default\">\n\t\t\t\t<div class=\"elementor-widget-container\">\n\t\t\t\t\t\t\t<div class=\"elementor-spacer\">\n\t\t\t<div class=\"elementor-spacer-inner\"><\/div>\n\t\t<\/div>\n\t\t\t\t\t\t<\/div>\n\t\t\t\t<\/div>\n\t\t\t\t<div class=\"elementor-element elementor-element-9dfa099 elementor-view-default elementor-widget elementor-widget-icon\" data-id=\"9dfa099\" data-element_type=\"widget\" data-widget_type=\"icon.default\">\n\t\t\t\t<div class=\"elementor-widget-container\">\n\t\t\t\t\t\t\t<div class=\"elementor-icon-wrapper\">\n\t\t\t<div class=\"elementor-icon\">\n\t\t\t<i aria-hidden=\"true\" class=\"fas fa-circle\"><\/i>\t\t\t<\/div>\n\t\t<\/div>\n\t\t\t\t\t\t<\/div>\n\t\t\t\t<\/div>\n\t\t\t\t\t<\/div>\n\t\t<\/div>\n\t\t\t\t<div class=\"elementor-column elementor-col-33 elementor-top-column elementor-element elementor-element-211a9b71\" data-id=\"211a9b71\" data-element_type=\"column\">\n\t\t\t<div class=\"elementor-widget-wrap\">\n\t\t\t\t\t\t\t<\/div>\n\t\t<\/div>\n\t\t\t\t\t<\/div>\n\t\t<\/section>\n\t\t\t\t<section class=\"elementor-section elementor-top-section elementor-element elementor-element-482a0cc elementor-section-boxed elementor-section-height-default elementor-section-height-default\" data-id=\"482a0cc\" data-element_type=\"section\">\n\t\t\t\t\t\t<div class=\"elementor-container elementor-column-gap-default\">\n\t\t\t\t\t<div class=\"elementor-column elementor-col-100 elementor-top-column elementor-element elementor-element-8ba3176\" data-id=\"8ba3176\" data-element_type=\"column\">\n\t\t\t<div class=\"elementor-widget-wrap elementor-element-populated\">\n\t\t\t\t\t\t<div class=\"elementor-element elementor-element-8bec395 elementor-widget elementor-widget-heading\" data-id=\"8bec395\" data-element_type=\"widget\" data-settings=\"{&quot;_animation&quot;:&quot;none&quot;}\" data-widget_type=\"heading.default\">\n\t\t\t\t<div class=\"elementor-widget-container\">\n\t\t\t\t\t<h1 class=\"elementor-heading-title elementor-size-default\">Mittwoch, 13.11.2024,  09.00 - 17.00&nbsp;Uhr<\/h1>\t\t\t\t<\/div>\n\t\t\t\t<\/div>\n\t\t\t\t<div class=\"elementor-element elementor-element-0824923 elementor-widget elementor-widget-heading\" data-id=\"0824923\" data-element_type=\"widget\" data-settings=\"{&quot;_animation&quot;:&quot;none&quot;}\" data-widget_type=\"heading.default\">\n\t\t\t\t<div class=\"elementor-widget-container\">\n\t\t\t\t\t<h2 class=\"elementor-heading-title elementor-size-default\">Ausstellung L\u00fcbecker KI-Erlebnistag\n\n<\/h2>\t\t\t\t<\/div>\n\t\t\t\t<\/div>\n\t\t\t\t<div class=\"elementor-element elementor-element-4d2ed6c elementor-widget__width-initial elementor-widget elementor-widget-text-editor\" data-id=\"4d2ed6c\" data-element_type=\"widget\" data-widget_type=\"text-editor.default\">\n\t\t\t\t<div class=\"elementor-widget-container\">\n\t\t\t\t\t\t\t\t\t<p>\u00d6ffentliche Veranstaltung<br \/>S<b>chulklassen und Gruppen kann der Zutritt nur mit vorheriger <a href=\"mailto:josephine.walke@imte.fraunhofer.de\">Anmeldung<\/a> garantiert werden<\/b><\/p><p><strong>Ort:<\/strong> \u00dcbergangshaus, K\u00f6nigsstra\u00dfe 54-56, L\u00fcbeck<\/p><p>Von 09 bis 17 Uhr laden die Universit\u00e4t zu L\u00fcbeck und die Technische Hochschule L\u00fcbeck zur<a href=\"https:\/\/woche-der-ki.de\/wp-content\/uploads\/2024\/11\/Ausstellerplan_DIGITAL-241111.pdf\"><b> Ausstellung <\/b><\/a>der Woche der KI im \u00dcbergangshaus ein. Universit\u00e4t, TH L\u00fcbeck, Fraunhofer und das Deutsche Forschungszentrum f\u00fcr K\u00fcnstliche Intelligenz pr\u00e4sentieren neueste Forschungsergebnisse, die nicht nur zum Staunen bringen, sondern auch zum Mitmachen einladen sollen \u2013 viele der Exponate sind zum Ausprobieren! Geeignet ist die Ausstellungen f\u00fcr Sch\u00fclerinnen und Sch\u00fcler ab der Mittelstufe.<\/p><p>Wir w\u00fcrden uns sehr freuen, wenn m\u00f6glichst viele Sch\u00fclerinnen und Sch\u00fcler das Angebot wahrnehmen und m\u00f6chten Sie herzlich bitten, die Information in den Schulen und Klassen zu verteilen. Bei Interesse k\u00f6nnen wir bei den Erlebnistagen auch F\u00fchrungen f\u00fcr ganze Klassen organisieren.<\/p><p>Wenn Sie Fragen zur Ausstellung haben, melden Sie sich gerne bei uns unter <a href=\"mailto:paape@hic-luebeck.de\"><b>paape@hic-luebeck.de<\/b><\/a> oder<b> <a href=\"mailto:janssen@hic-luebeck.de\">janssen@hic-luebeck.de<\/a><br \/>\u00a0<\/b><\/p><p><b>Ab 16:00 Uhr: UzL-Posterblitz<br \/><\/b><span style=\"font-family: var( --e-global-typography-text-font-family ), Sans-serif; font-size: var( --e-global-typography-text-font-size ); font-weight: var( --e-global-typography-text-font-weight );\">Es findet eine Ausstellung aktueller KI relevanter Abschlussarbeiten der Universit\u00e4t zu L\u00fcbeck statt. Die Arbeiten kommen aus den verschiedenen Instituten der Universit\u00e4t und zeigen gut die Bandbreite der Forschungsaktivit\u00e4ten. Die Poster k\u00f6nnen zwischen 9 und 17 Uhr im 1. OG (Nr. 18) besichtigt werden. Um 16 Uhr findet ein Blitzlicht auf der B\u00fchne statt, hier stellen die Studierenden ihre Arbeiten kurz innerhalb 2 min vor. Im Anschluss findet die Preisverleihung der interessantesten KI Abschlussarbeit statt.<\/span><b><\/b><\/p><p><span style=\"font-family: var( --e-global-typography-text-font-family ), Sans-serif; font-size: var( --e-global-typography-text-font-size ); font-weight: var( --e-global-typography-text-font-weight );\">\u00a0<\/span><\/p><p><strong>Anmeldung<\/strong>:\u00a0<span style=\"font-family: var( --e-global-typography-text-font-family ), Sans-serif; font-size: var( --e-global-typography-text-font-size ); font-weight: var( --e-global-typography-text-font-weight );\">S<\/span><span style=\"font-family: var( --e-global-typography-text-font-family ), Sans-serif; font-size: var( --e-global-typography-text-font-size ); font-weight: bold;\">chulklassen und Gruppen kann der Zutritt nur mit vorheriger\u00a0Anmeldung an<a href=\"mailto:josephine.walke@imte.fraunhofer.de\"> josephine.walke@imte.fraunhofer.de<\/a> garantiert werden.<\/span><\/p><p><b>\u00a0<\/b><\/p><p><a href=\"https:\/\/woche-der-ki.de\/wp-content\/uploads\/2024\/11\/Ausstellerplan_DIGITAL-241111.pdf\">A<b>usstellungs\u00fcbersicht (pdf)<\/b><\/a><\/p>\t\t\t\t\t\t\t\t<\/div>\n\t\t\t\t<\/div>\n\t\t\t\t\t<\/div>\n\t\t<\/div>\n\t\t\t\t\t<\/div>\n\t\t<\/section>\n\t\t\t\t<\/div>\n\t\t","protected":false},"excerpt":{"rendered":"<p>Mittwoch, 13.11.2024, 09.00 &#8211; 17.00&nbsp;Uhr Ausstellung L\u00fcbecker KI-Erlebnistag \u00d6ffentliche VeranstaltungSchulklassen und Gruppen kann der Zutritt nur mit vorheriger Anmeldung garantiert werden Ort: \u00dcbergangshaus, K\u00f6nigsstra\u00dfe 54-56, L\u00fcbeck Von 09 bis 17 Uhr laden die Universit\u00e4t zu L\u00fcbeck und die Technische Hochschule L\u00fcbeck zur Ausstellung der Woche der KI im \u00dcbergangshaus ein. Universit\u00e4t, TH L\u00fcbeck, Fraunhofer und [&hellip;]<\/p>\n","protected":false},"author":2,"featured_media":0,"parent":0,"menu_order":0,"comment_status":"closed","ping_status":"closed","template":"","meta":{"footnotes":""},"class_list":["post-3396","page","type-page","status-publish","hentry"],"_links":{"self":[{"href":"https:\/\/woche-der-ki.de\/index.php\/wp-json\/wp\/v2\/pages\/3396","targetHints":{"allow":["GET"]}}],"collection":[{"href":"https:\/\/woche-der-ki.de\/index.php\/wp-json\/wp\/v2\/pages"}],"about":[{"href":"https:\/\/woche-der-ki.de\/index.php\/wp-json\/wp\/v2\/types\/page"}],"author":[{"embeddable":true,"href":"https:\/\/woche-der-ki.de\/index.php\/wp-json\/wp\/v2\/users\/2"}],"replies":[{"embeddable":true,"href":"https:\/\/woche-der-ki.de\/index.php\/wp-json\/wp\/v2\/comments?post=3396"}],"version-history":[{"count":19,"href":"https:\/\/woche-der-ki.de\/index.php\/wp-json\/wp\/v2\/pages\/3396\/revisions"}],"predecessor-version":[{"id":3835,"href":"https:\/\/woche-der-ki.de\/index.php\/wp-json\/wp\/v2\/pages\/3396\/revisions\/3835"}],"wp:attachment":[{"href":"https:\/\/woche-der-ki.de\/index.php\/wp-json\/wp\/v2\/media?parent=3396"}],"curies":[{"name":"wp","href":"https:\/\/api.w.org\/{rel}","templated":true}]}}