{"id":3598,"date":"2024-10-10T21:48:43","date_gmt":"2024-10-10T19:48:43","guid":{"rendered":"https:\/\/woche-der-ki.de\/?page_id=3598"},"modified":"2024-11-05T22:28:13","modified_gmt":"2024-11-05T21:28:13","slug":"democratising-ai-a-map-and-a-heading","status":"publish","type":"page","link":"https:\/\/woche-der-ki.de\/index.php\/democratising-ai-a-map-and-a-heading\/","title":{"rendered":"Democratising AI: A Map and a Heading"},"content":{"rendered":"\t\t<div data-elementor-type=\"wp-page\" data-elementor-id=\"3598\" class=\"elementor elementor-3598\" data-elementor-post-type=\"page\">\n\t\t\t\t\t\t<section class=\"elementor-section elementor-top-section elementor-element elementor-element-68871bd1 elementor-section-full_width elementor-section-height-default elementor-section-height-default\" data-id=\"68871bd1\" data-element_type=\"section\" data-e-type=\"section\">\n\t\t\t\t\t\t<div class=\"elementor-container elementor-column-gap-default\">\n\t\t\t\t\t<div class=\"elementor-column elementor-col-33 elementor-top-column elementor-element elementor-element-6d7e1407\" data-id=\"6d7e1407\" data-element_type=\"column\" data-e-type=\"column\">\n\t\t\t<div class=\"elementor-widget-wrap\">\n\t\t\t\t\t\t\t<\/div>\n\t\t<\/div>\n\t\t\t\t<div class=\"elementor-column elementor-col-33 elementor-top-column elementor-element elementor-element-4f9f2080\" data-id=\"4f9f2080\" data-element_type=\"column\" data-e-type=\"column\">\n\t\t\t<div class=\"elementor-widget-wrap elementor-element-populated\">\n\t\t\t\t\t\t<div class=\"elementor-element elementor-element-4160840c elementor-widget__width-initial elementor-widget elementor-widget-spacer\" data-id=\"4160840c\" data-element_type=\"widget\" data-e-type=\"widget\" data-widget_type=\"spacer.default\">\n\t\t\t\t<div class=\"elementor-widget-container\">\n\t\t\t\t\t\t\t<div class=\"elementor-spacer\">\n\t\t\t<div class=\"elementor-spacer-inner\"><\/div>\n\t\t<\/div>\n\t\t\t\t\t\t<\/div>\n\t\t\t\t<\/div>\n\t\t\t\t<div class=\"elementor-element elementor-element-9dfa099 elementor-view-default elementor-widget elementor-widget-icon\" data-id=\"9dfa099\" data-element_type=\"widget\" data-e-type=\"widget\" data-widget_type=\"icon.default\">\n\t\t\t\t<div class=\"elementor-widget-container\">\n\t\t\t\t\t\t\t<div class=\"elementor-icon-wrapper\">\n\t\t\t<div class=\"elementor-icon\">\n\t\t\t<i aria-hidden=\"true\" class=\"fas fa-circle\"><\/i>\t\t\t<\/div>\n\t\t<\/div>\n\t\t\t\t\t\t<\/div>\n\t\t\t\t<\/div>\n\t\t\t\t\t<\/div>\n\t\t<\/div>\n\t\t\t\t<div class=\"elementor-column elementor-col-33 elementor-top-column elementor-element elementor-element-211a9b71\" data-id=\"211a9b71\" data-element_type=\"column\" data-e-type=\"column\">\n\t\t\t<div class=\"elementor-widget-wrap\">\n\t\t\t\t\t\t\t<\/div>\n\t\t<\/div>\n\t\t\t\t\t<\/div>\n\t\t<\/section>\n\t\t\t\t<section class=\"elementor-section elementor-top-section elementor-element elementor-element-482a0cc elementor-section-boxed elementor-section-height-default elementor-section-height-default\" data-id=\"482a0cc\" data-element_type=\"section\" data-e-type=\"section\">\n\t\t\t\t\t\t<div class=\"elementor-container elementor-column-gap-default\">\n\t\t\t\t\t<div class=\"elementor-column elementor-col-100 elementor-top-column elementor-element elementor-element-8ba3176\" data-id=\"8ba3176\" data-element_type=\"column\" data-e-type=\"column\">\n\t\t\t<div class=\"elementor-widget-wrap elementor-element-populated\">\n\t\t\t\t\t\t<div class=\"elementor-element elementor-element-8bec395 elementor-widget elementor-widget-heading\" data-id=\"8bec395\" data-element_type=\"widget\" data-e-type=\"widget\" data-settings=\"{&quot;_animation&quot;:&quot;none&quot;}\" data-widget_type=\"heading.default\">\n\t\t\t\t<div class=\"elementor-widget-container\">\n\t\t\t\t\t<h1 class=\"elementor-heading-title elementor-size-default\">Montag, 11.11.2024,  17:00-18:00 Uhr<\/h1>\t\t\t\t<\/div>\n\t\t\t\t<\/div>\n\t\t\t\t<div class=\"elementor-element elementor-element-0824923 elementor-widget elementor-widget-heading\" data-id=\"0824923\" data-element_type=\"widget\" data-e-type=\"widget\" data-settings=\"{&quot;_animation&quot;:&quot;none&quot;}\" data-widget_type=\"heading.default\">\n\t\t\t\t<div class=\"elementor-widget-container\">\n\t\t\t\t\t<h2 class=\"elementor-heading-title elementor-size-default\">Democratising AI: A Map and a Heading\n\n<\/h2>\t\t\t\t<\/div>\n\t\t\t\t<\/div>\n\t\t\t\t<div class=\"elementor-element elementor-element-4d2ed6c elementor-widget elementor-widget-text-editor\" data-id=\"4d2ed6c\" data-element_type=\"widget\" data-e-type=\"widget\" data-widget_type=\"text-editor.default\">\n\t\t\t\t<div class=\"elementor-widget-container\">\n\t\t\t\t\t\t\t\t\t<p>\u00d6ffentlicher Vortrag von Jason Branford (Universit\u00e4t Hamburg) mit anschlie\u00dfender Diskussion (mit Anmeldung)<\/p>\n<p><strong>Ort: <\/strong>Hybrid &#8211; H\u00f6rsaal des Institut f\u00fcr Medizingeschichte und Wissenschaftsforschung, Universit\u00e4t zu L\u00fcbeck (K\u00f6nigstrasse 42 | D 23552 L\u00fcbeck) und online via WebEx<\/p>\n<p><strong>Zielgruppe<\/strong>: Interessierte \u00d6ffentlichkeit<\/p>\n<p><strong>Anmeldung n\u00f6tig<\/strong>: Ja&nbsp;<br><b>Pr\u00e4senz<\/b>: Um eine Anmeldung f\u00fcr eine Teilnahme vor Ort wird gebeten. Senden Sie hierzu eine E-Mail an d.sarikaya@uni-luebeck.de <br>mit dem Betreff &#8222;VEIL-November&#8220; und der Personenzahl, mit der Sie teilnehmen wollen, im E-Mailtext. Wir best\u00e4tigen die Teilnahme innerhalb von 24h.<br><span style=\"font-family: var( --e-global-typography-text-font-family ), Sans-serif; font-size: var( --e-global-typography-text-font-size );\"><b>Online<\/b><\/span><span style=\"font-family: var( --e-global-typography-text-font-family ), Sans-serif; font-size: var( --e-global-typography-text-font-size );\"><span style=\"font-weight: var( --e-global-typography-text-font-weight );\">: Die digitale Teilnahme ist mit diesem <\/span><a href=\"https:\/\/uni-luebeck.webex.com\/webappng\/sites\/uni-luebeck\/webinar\/webinarSeries\/register\/befdcd43587443e1830d698e3b1ee2b2\"><b>Registrierungslink<\/b><\/a><span style=\"font-weight: var( --e-global-typography-text-font-weight );\"> m\u00f6glich.<\/span><\/span><\/p>\n<p><span style=\"font-family: var( --e-global-typography-text-font-family ), Sans-serif; font-size: var( --e-global-typography-text-font-size );\"><span style=\"font-weight: var( --e-global-typography-text-font-weight );\"><strong>Veranstalter<\/strong>: <\/span><\/span>Ethical Innovation Hub<\/p>\n<p><span style=\"font-family: var( --e-global-typography-text-font-family ), Sans-serif; font-size: var( --e-global-typography-text-font-size );\"><span style=\"font-weight: var( --e-global-typography-text-font-weight );\">&nbsp;<\/span><\/span><\/p>\n<p><\/p>\n<p><span lang=\"DE\">Democratise AI!&nbsp;<\/span>A rallying cry. A critique. An ideal. An agenda. A hope. The call to \u201cdemocratise AI\u201d admits many possible interpretations. Yet, it is apparent that for many it primarily suggests the need for increasing the diffusion of and access to AI technologies. The goal: make AI for everyone! While this undoubtedly an admirable concern (after all who would advocate that democracy requires that these technologies reside solely in the domain of a small elite?), its prominence in public discourse obscures the fact that it captures only a rather small area of the problem space. And, in so doing, suggests a far more limited response than is needed to properly democratise AI. Fortunately, the literature on the ethics and politics of AI has produced further helpful interpretations. I will critically map these proposals, highlighting how they each capture important aspects for rendering AI more democratic while they, in turn, also introduce distinct challenges. Ultimately, I will argue that all such proposals ought to be taken together, raising the need to identify and consider trade-offs in practice. However, I will also argue that they do not fully capture the democratic worry surrounding AI and that we, therefore, have reason to adopt a still broader (Deweyan) conception of democracy as a suitable heading on the road to democratising AI. Ultimately, this broader conception suggests the need to rapidly grapple with many diverse characteristics of democratic life that such technologies are (perhaps unintentionally) putting under considerable strain.<\/p>\t\t\t\t\t\t\t\t<\/div>\n\t\t\t\t<\/div>\n\t\t\t\t\t<\/div>\n\t\t<\/div>\n\t\t\t\t\t<\/div>\n\t\t<\/section>\n\t\t\t\t<\/div>\n\t\t","protected":false},"excerpt":{"rendered":"<p>Montag, 11.11.2024, 17:00-18:00 Uhr Democratising AI: A Map and a Heading \u00d6ffentlicher Vortrag von Jason Branford (Universit\u00e4t Hamburg) mit anschlie\u00dfender Diskussion (mit Anmeldung) Ort: Hybrid &#8211; H\u00f6rsaal des Institut f\u00fcr Medizingeschichte und Wissenschaftsforschung, Universit\u00e4t zu L\u00fcbeck (K\u00f6nigstrasse 42 | D 23552 L\u00fcbeck) und online via WebEx Zielgruppe: Interessierte \u00d6ffentlichkeit Anmeldung n\u00f6tig: Ja&nbsp;Pr\u00e4senz: Um eine Anmeldung [&hellip;]<\/p>\n","protected":false},"author":2,"featured_media":0,"parent":0,"menu_order":0,"comment_status":"closed","ping_status":"closed","template":"","meta":{"footnotes":""},"class_list":["post-3598","page","type-page","status-publish","hentry"],"_links":{"self":[{"href":"https:\/\/woche-der-ki.de\/index.php\/wp-json\/wp\/v2\/pages\/3598","targetHints":{"allow":["GET"]}}],"collection":[{"href":"https:\/\/woche-der-ki.de\/index.php\/wp-json\/wp\/v2\/pages"}],"about":[{"href":"https:\/\/woche-der-ki.de\/index.php\/wp-json\/wp\/v2\/types\/page"}],"author":[{"embeddable":true,"href":"https:\/\/woche-der-ki.de\/index.php\/wp-json\/wp\/v2\/users\/2"}],"replies":[{"embeddable":true,"href":"https:\/\/woche-der-ki.de\/index.php\/wp-json\/wp\/v2\/comments?post=3598"}],"version-history":[{"count":10,"href":"https:\/\/woche-der-ki.de\/index.php\/wp-json\/wp\/v2\/pages\/3598\/revisions"}],"predecessor-version":[{"id":3727,"href":"https:\/\/woche-der-ki.de\/index.php\/wp-json\/wp\/v2\/pages\/3598\/revisions\/3727"}],"wp:attachment":[{"href":"https:\/\/woche-der-ki.de\/index.php\/wp-json\/wp\/v2\/media?parent=3598"}],"curies":[{"name":"wp","href":"https:\/\/api.w.org\/{rel}","templated":true}]}}

<div data-elementor-type="wp-page" data-elementor-id="3598" class="elementor elementor-3598" data-elementor-post-type="page">
						<section class="elementor-section elementor-top-section elementor-element elementor-element-68871bd1 elementor-section-full_width elementor-section-height-default elementor-section-height-default" data-id="68871bd1" data-element_type="section" data-e-type="section">
						<div class="elementor-container elementor-column-gap-default">
					<div class="elementor-column elementor-col-33 elementor-top-column elementor-element elementor-element-6d7e1407" data-id="6d7e1407" data-element_type="column" data-e-type="column">
			<div class="elementor-widget-wrap">
							</div>
		</div>
				<div class="elementor-column elementor-col-33 elementor-top-column elementor-element elementor-element-4f9f2080" data-id="4f9f2080" data-element_type="column" data-e-type="column">
			<div class="elementor-widget-wrap elementor-element-populated">
						<div class="elementor-element elementor-element-4160840c elementor-widget__width-initial elementor-widget elementor-widget-spacer" data-id="4160840c" data-element_type="widget" data-e-type="widget" data-widget_type="spacer.default">
				<div class="elementor-widget-container">
							<div class="elementor-spacer">
			<div class="elementor-spacer-inner"></div>
		</div>
						</div>
				</div>
				<div class="elementor-element elementor-element-9dfa099 elementor-view-default elementor-widget elementor-widget-icon" data-id="9dfa099" data-element_type="widget" data-e-type="widget" data-widget_type="icon.default">
				<div class="elementor-widget-container">
							<div class="elementor-icon-wrapper">
			<div class="elementor-icon">
			<i aria-hidden="true" class="fas fa-circle"></i>			</div>
		</div>
						</div>
				</div>
					</div>
		</div>
				<div class="elementor-column elementor-col-33 elementor-top-column elementor-element elementor-element-211a9b71" data-id="211a9b71" data-element_type="column" data-e-type="column">
			<div class="elementor-widget-wrap">
							</div>
		</div>
					</div>
		</section>
				<section class="elementor-section elementor-top-section elementor-element elementor-element-482a0cc elementor-section-boxed elementor-section-height-default elementor-section-height-default" data-id="482a0cc" data-element_type="section" data-e-type="section">
						<div class="elementor-container elementor-column-gap-default">
					<div class="elementor-column elementor-col-100 elementor-top-column elementor-element elementor-element-8ba3176" data-id="8ba3176" data-element_type="column" data-e-type="column">
			<div class="elementor-widget-wrap elementor-element-populated">
						<div class="elementor-element elementor-element-8bec395 elementor-widget elementor-widget-heading" data-id="8bec395" data-element_type="widget" data-e-type="widget" data-settings="{&quot;_animation&quot;:&quot;none&quot;}" data-widget_type="heading.default">
				<div class="elementor-widget-container">
					<h1 class="elementor-heading-title elementor-size-default">Montag, 11.11.2024,  17:00-18:00 Uhr</h1>				</div>
				</div>
				<div class="elementor-element elementor-element-0824923 elementor-widget elementor-widget-heading" data-id="0824923" data-element_type="widget" data-e-type="widget" data-settings="{&quot;_animation&quot;:&quot;none&quot;}" data-widget_type="heading.default">
				<div class="elementor-widget-container">
					<h2 class="elementor-heading-title elementor-size-default">Democratising AI: A Map and a Heading

</h2>				</div>
				</div>
				<div class="elementor-element elementor-element-4d2ed6c elementor-widget elementor-widget-text-editor" data-id="4d2ed6c" data-element_type="widget" data-e-type="widget" data-widget_type="text-editor.default">
				<div class="elementor-widget-container">
									<p>Öffentlicher Vortrag von Jason Branford (Universität Hamburg) mit anschließender Diskussion (mit Anmeldung)</p>
<p><strong>Ort: </strong>Hybrid &#8211; Hörsaal des Institut für Medizingeschichte und Wissenschaftsforschung, Universität zu Lübeck (Königstrasse 42 | D 23552 Lübeck) und online via WebEx</p>
<p><strong>Zielgruppe</strong>: Interessierte Öffentlichkeit</p>
<p><strong>Anmeldung nötig</strong>: Ja&nbsp;<br><b>Präsenz</b>: Um eine Anmeldung für eine Teilnahme vor Ort wird gebeten. Senden Sie hierzu eine E-Mail an d.sarikaya@uni-luebeck.de <br>mit dem Betreff &#8222;VEIL-November&#8220; und der Personenzahl, mit der Sie teilnehmen wollen, im E-Mailtext. Wir bestätigen die Teilnahme innerhalb von 24h.<br><span style="font-family: var( --e-global-typography-text-font-family ), Sans-serif; font-size: var( --e-global-typography-text-font-size );"><b>Online</b></span><span style="font-family: var( --e-global-typography-text-font-family ), Sans-serif; font-size: var( --e-global-typography-text-font-size );"><span style="font-weight: var( --e-global-typography-text-font-weight );">: Die digitale Teilnahme ist mit diesem </span><a href="https://uni-luebeck.webex.com/webappng/sites/uni-luebeck/webinar/webinarSeries/register/befdcd43587443e1830d698e3b1ee2b2"><b>Registrierungslink</b></a><span style="font-weight: var( --e-global-typography-text-font-weight );"> möglich.</span></span></p>
<p><span style="font-family: var( --e-global-typography-text-font-family ), Sans-serif; font-size: var( --e-global-typography-text-font-size );"><span style="font-weight: var( --e-global-typography-text-font-weight );"><strong>Veranstalter</strong>: </span></span>Ethical Innovation Hub</p>
<p><span style="font-family: var( --e-global-typography-text-font-family ), Sans-serif; font-size: var( --e-global-typography-text-font-size );"><span style="font-weight: var( --e-global-typography-text-font-weight );">&nbsp;</span></span></p>
<p></p>
<p><span lang="DE">Democratise AI!&nbsp;</span>A rallying cry. A critique. An ideal. An agenda. A hope. The call to “democratise AI” admits many possible interpretations. Yet, it is apparent that for many it primarily suggests the need for increasing the diffusion of and access to AI technologies. The goal: make AI for everyone! While this undoubtedly an admirable concern (after all who would advocate that democracy requires that these technologies reside solely in the domain of a small elite?), its prominence in public discourse obscures the fact that it captures only a rather small area of the problem space. And, in so doing, suggests a far more limited response than is needed to properly democratise AI. Fortunately, the literature on the ethics and politics of AI has produced further helpful interpretations. I will critically map these proposals, highlighting how they each capture important aspects for rendering AI more democratic while they, in turn, also introduce distinct challenges. Ultimately, I will argue that all such proposals ought to be taken together, raising the need to identify and consider trade-offs in practice. However, I will also argue that they do not fully capture the democratic worry surrounding AI and that we, therefore, have reason to adopt a still broader (Deweyan) conception of democracy as a suitable heading on the road to democratising AI. Ultimately, this broader conception suggests the need to rapidly grapple with many diverse characteristics of democratic life that such technologies are (perhaps unintentionally) putting under considerable strain.</p>								</div>
				</div>
					</div>
		</div>
					</div>
		</section>
				</div>

<p>Montag, 11.11.2024, 17:00-18:00 Uhr Democratising AI: A Map and a Heading Öffentlicher Vortrag von Jason Branford (Universität Hamburg) mit anschließender Diskussion (mit Anmeldung) Ort: Hybrid &#8211; Hörsaal des Institut für Medizingeschichte und Wissenschaftsforschung, Universität zu Lübeck (Königstrasse 42 | D 23552 Lübeck) und online via WebEx Zielgruppe: Interessierte Öffentlichkeit Anmeldung nötig: Ja&nbsp;Präsenz: Um eine Anmeldung [&hellip;]</p>
