{"id":3738,"date":"2024-11-06T14:48:31","date_gmt":"2024-11-06T13:48:31","guid":{"rendered":"https:\/\/woche-der-ki.de\/?page_id=3738"},"modified":"2024-11-06T15:56:38","modified_gmt":"2024-11-06T14:56:38","slug":"kuenstliche-intelligenz-in-der-medizin","status":"publish","type":"page","link":"https:\/\/woche-der-ki.de\/index.php\/kuenstliche-intelligenz-in-der-medizin\/","title":{"rendered":"K\u00fcnstliche Intelligenz in der Medizin"},"content":{"rendered":"\t\t<div data-elementor-type=\"wp-page\" data-elementor-id=\"3738\" class=\"elementor elementor-3738\" data-elementor-post-type=\"page\">\n\t\t\t\t\t\t<section class=\"elementor-section elementor-top-section elementor-element elementor-element-68871bd1 elementor-section-full_width elementor-section-height-default elementor-section-height-default\" data-id=\"68871bd1\" data-element_type=\"section\">\n\t\t\t\t\t\t<div class=\"elementor-container elementor-column-gap-default\">\n\t\t\t\t\t<div class=\"elementor-column elementor-col-33 elementor-top-column elementor-element elementor-element-6d7e1407\" data-id=\"6d7e1407\" data-element_type=\"column\">\n\t\t\t<div class=\"elementor-widget-wrap\">\n\t\t\t\t\t\t\t<\/div>\n\t\t<\/div>\n\t\t\t\t<div class=\"elementor-column elementor-col-33 elementor-top-column elementor-element elementor-element-4f9f2080\" data-id=\"4f9f2080\" data-element_type=\"column\">\n\t\t\t<div class=\"elementor-widget-wrap elementor-element-populated\">\n\t\t\t\t\t\t<div class=\"elementor-element elementor-element-4160840c elementor-widget__width-initial elementor-widget elementor-widget-spacer\" data-id=\"4160840c\" data-element_type=\"widget\" data-widget_type=\"spacer.default\">\n\t\t\t\t<div class=\"elementor-widget-container\">\n\t\t\t\t\t\t\t<div class=\"elementor-spacer\">\n\t\t\t<div class=\"elementor-spacer-inner\"><\/div>\n\t\t<\/div>\n\t\t\t\t\t\t<\/div>\n\t\t\t\t<\/div>\n\t\t\t\t<div class=\"elementor-element elementor-element-9dfa099 elementor-view-default elementor-widget elementor-widget-icon\" data-id=\"9dfa099\" data-element_type=\"widget\" data-widget_type=\"icon.default\">\n\t\t\t\t<div class=\"elementor-widget-container\">\n\t\t\t\t\t\t\t<div class=\"elementor-icon-wrapper\">\n\t\t\t<div class=\"elementor-icon\">\n\t\t\t<i aria-hidden=\"true\" class=\"fas fa-circle\"><\/i>\t\t\t<\/div>\n\t\t<\/div>\n\t\t\t\t\t\t<\/div>\n\t\t\t\t<\/div>\n\t\t\t\t\t<\/div>\n\t\t<\/div>\n\t\t\t\t<div class=\"elementor-column elementor-col-33 elementor-top-column elementor-element elementor-element-211a9b71\" data-id=\"211a9b71\" data-element_type=\"column\">\n\t\t\t<div class=\"elementor-widget-wrap\">\n\t\t\t\t\t\t\t<\/div>\n\t\t<\/div>\n\t\t\t\t\t<\/div>\n\t\t<\/section>\n\t\t\t\t<section class=\"elementor-section elementor-top-section elementor-element elementor-element-482a0cc elementor-section-boxed elementor-section-height-default elementor-section-height-default\" data-id=\"482a0cc\" data-element_type=\"section\">\n\t\t\t\t\t\t<div class=\"elementor-container elementor-column-gap-default\">\n\t\t\t\t\t<div class=\"elementor-column elementor-col-100 elementor-top-column elementor-element elementor-element-8ba3176\" data-id=\"8ba3176\" data-element_type=\"column\">\n\t\t\t<div class=\"elementor-widget-wrap elementor-element-populated\">\n\t\t\t\t\t\t<div class=\"elementor-element elementor-element-8bec395 elementor-widget elementor-widget-heading\" data-id=\"8bec395\" data-element_type=\"widget\" data-settings=\"{&quot;_animation&quot;:&quot;none&quot;}\" data-widget_type=\"heading.default\">\n\t\t\t\t<div class=\"elementor-widget-container\">\n\t\t\t\t\t<h1 class=\"elementor-heading-title elementor-size-default\">Donnerstag, 14.11.2024,  ab 19.00 Uhr<\/h1>\t\t\t\t<\/div>\n\t\t\t\t<\/div>\n\t\t\t\t<div class=\"elementor-element elementor-element-0824923 elementor-widget elementor-widget-heading\" data-id=\"0824923\" data-element_type=\"widget\" data-settings=\"{&quot;_animation&quot;:&quot;none&quot;}\" data-widget_type=\"heading.default\">\n\t\t\t\t<div class=\"elementor-widget-container\">\n\t\t\t\t\t<h2 class=\"elementor-heading-title elementor-size-default\">K\u00fcnstliche Intelligenz in der Medizin\n\n<\/h2>\t\t\t\t<\/div>\n\t\t\t\t<\/div>\n\t\t\t\t<div class=\"elementor-element elementor-element-4d2ed6c elementor-widget elementor-widget-text-editor\" data-id=\"4d2ed6c\" data-element_type=\"widget\" data-widget_type=\"text-editor.default\">\n\t\t\t\t<div class=\"elementor-widget-container\">\n\t\t\t\t\t\t\t\t\t<p>kostenfreier, \u00f6ffentlicher Vortrag von <b>Prof. Dr. rer. nat. habil. Heinz Handels, Direktor am Deutsche Forschungszentrum f\u00fcr K\u00fcnstliche Intelligenz und am Institut f\u00fcr Medizinische Informatik der Univerisit\u00e4t zu L\u00fcbeck\u00a0<\/b><\/p><p>Die neuen M\u00f6glichkeiten durch k\u00fcnstliche Intelligenz\u00a0ver\u00e4ndern unsere Welt sehr rasant und haben Einfl\u00fcsse auf alle Lebensbereiche. Hierbei sind\u00a0erfolgreichsten KI-Methoden die Deep Learning Netzwerke, die vor allem im Bereich der Bildverarbeitung , aber in neuerer Zeit auch in der Textverarbeitung und -generierung wie z.B. mit ChatGPT gro\u00dfe Erfolge erzielt haben.\u00a0 In dem Vortrag stehen KI-Methoden in der Medizin im Vordergrund, durch die neue<\/p><p>M\u00f6glichkeiten zur Verbesserung der bildgest\u00fctzten Diagnostik und Therapie geschaffen wurden. Hierbei stehen als KI-Methoden die sog. Deep Learning Netzwerke im Vordergrund, die sehr erfolgreich bei der Analyse und Auswertung medizinischer Bilder sind. Die Zuh\u00f6rer bekommen einen Einblick in die Funktionsweise von neuronalen Deep Learning Netzen und lernen ihre\u00a0Einsatzm\u00f6glichkeiten und Grenzen in der Medizin kennen,\u00a0die anhand einer Vielzahl von Beispielen aus meinen Forschungsprojekten im Bereich der medizinischen Bildverarbeitung anschaulich illustriert werden.<\/p><p><b>Prof. Dr. rer. nat. habil. Heinz Handels<\/b> ist seit 2010 Direktor des Instituts f\u00fcr Medizinische Informatik an der Universit\u00e4t zu L\u00fcbeck und leitet seit 2021 den Forschungsbereich K\u00fcnstliche Intelligenz in der medizinischen Bild- und Signalverarbeitung am Deutschen Forschungszentrum f\u00fcr K\u00fcnstliche Intelligenz in L\u00fcbeck. Zuvor war er 2003 auf die C4-Professur f\u00fcr Medizinische Informatik an die Universit\u00e4t Hamburg berufen worden und leitete dort bis 2010 das am Universit\u00e4tsklinikum Hamburg Eppendorf angesiedelte Institut f\u00fcr Medizinische Informatik. Von 1992\u20132003 arbeitete er als wissenschaftlicher Angestellter und Postdoktorand am Institut f\u00fcr Medizinische Informatik der Universit\u00e4t zu L\u00fcbeck und leitete die Arbeitsgruppe Bildverarbeitung und Mustererkennung in der Medizin. In 1999 habilitierte er sich und erhielt die Venia Legendi f\u00fcr das Fach Medizinische Informatik an der Universit\u00e4t zu L\u00fcbeck. Sein Diplom-Studium der Informatik sowie sein Studium der Mathematik, Physik und Informatik f\u00fcr das Lehramt der Sekundarstufe I\/II konnte er 1987 erfolgreich an der RWTH Aachen abschlie\u00dfen, wo er 1991 auch zum Dr. rer. nat. promovierte. Sein Forschungsfokus liegt in der Entwicklung hybrider KI-Systeme zur automatisierten Analyse medizinischer Bilder.\u00a0<\/p><p><strong><br \/>Veranstalter:<\/strong> Naturwissenschaftliche Verein, L\u00fcbeck<\/p><p><strong>Ort:<\/strong> Museum f\u00fcr Natur und Umwelt, Vortragssaal, Musterbahn 8, 23552 L\u00fcbeck<\/p>\t\t\t\t\t\t\t\t<\/div>\n\t\t\t\t<\/div>\n\t\t\t\t\t<\/div>\n\t\t<\/div>\n\t\t\t\t\t<\/div>\n\t\t<\/section>\n\t\t\t\t<\/div>\n\t\t","protected":false},"excerpt":{"rendered":"<p>Donnerstag, 14.11.2024, ab 19.00 Uhr K\u00fcnstliche Intelligenz in der Medizin kostenfreier, \u00f6ffentlicher Vortrag von Prof. Dr. rer. nat. habil. Heinz Handels, Direktor am Deutsche Forschungszentrum f\u00fcr K\u00fcnstliche Intelligenz und am Institut f\u00fcr Medizinische Informatik der Univerisit\u00e4t zu L\u00fcbeck\u00a0 Die neuen M\u00f6glichkeiten durch k\u00fcnstliche Intelligenz\u00a0ver\u00e4ndern unsere Welt sehr rasant und haben Einfl\u00fcsse auf alle Lebensbereiche. Hierbei [&hellip;]<\/p>\n","protected":false},"author":2,"featured_media":0,"parent":0,"menu_order":0,"comment_status":"closed","ping_status":"closed","template":"","meta":{"footnotes":""},"class_list":["post-3738","page","type-page","status-publish","hentry"],"_links":{"self":[{"href":"https:\/\/woche-der-ki.de\/index.php\/wp-json\/wp\/v2\/pages\/3738","targetHints":{"allow":["GET"]}}],"collection":[{"href":"https:\/\/woche-der-ki.de\/index.php\/wp-json\/wp\/v2\/pages"}],"about":[{"href":"https:\/\/woche-der-ki.de\/index.php\/wp-json\/wp\/v2\/types\/page"}],"author":[{"embeddable":true,"href":"https:\/\/woche-der-ki.de\/index.php\/wp-json\/wp\/v2\/users\/2"}],"replies":[{"embeddable":true,"href":"https:\/\/woche-der-ki.de\/index.php\/wp-json\/wp\/v2\/comments?post=3738"}],"version-history":[{"count":13,"href":"https:\/\/woche-der-ki.de\/index.php\/wp-json\/wp\/v2\/pages\/3738\/revisions"}],"predecessor-version":[{"id":3772,"href":"https:\/\/woche-der-ki.de\/index.php\/wp-json\/wp\/v2\/pages\/3738\/revisions\/3772"}],"wp:attachment":[{"href":"https:\/\/woche-der-ki.de\/index.php\/wp-json\/wp\/v2\/media?parent=3738"}],"curies":[{"name":"wp","href":"https:\/\/api.w.org\/{rel}","templated":true}]}}