{"id":4124,"date":"2025-10-08T15:52:11","date_gmt":"2025-10-08T13:52:11","guid":{"rendered":"https:\/\/woche-der-ki.de\/?page_id=4124"},"modified":"2025-11-10T15:55:08","modified_gmt":"2025-11-10T14:55:08","slug":"sustainability-ethics-in-gen-ai","status":"publish","type":"page","link":"https:\/\/woche-der-ki.de\/index.php\/sustainability-ethics-in-gen-ai\/","title":{"rendered":"Sustainability &amp; Ethics in Gen AI"},"content":{"rendered":"\t\t<div data-elementor-type=\"wp-page\" data-elementor-id=\"4124\" class=\"elementor elementor-4124\" data-elementor-post-type=\"page\">\n\t\t\t\t\t\t<section class=\"elementor-section elementor-top-section elementor-element elementor-element-68871bd1 elementor-section-full_width elementor-section-height-default elementor-section-height-default\" data-id=\"68871bd1\" data-element_type=\"section\">\n\t\t\t\t\t\t<div class=\"elementor-container elementor-column-gap-default\">\n\t\t\t\t\t<div class=\"elementor-column elementor-col-33 elementor-top-column elementor-element elementor-element-6d7e1407\" data-id=\"6d7e1407\" data-element_type=\"column\">\n\t\t\t<div class=\"elementor-widget-wrap\">\n\t\t\t\t\t\t\t<\/div>\n\t\t<\/div>\n\t\t\t\t<div class=\"elementor-column elementor-col-33 elementor-top-column elementor-element elementor-element-4f9f2080\" data-id=\"4f9f2080\" data-element_type=\"column\">\n\t\t\t<div class=\"elementor-widget-wrap elementor-element-populated\">\n\t\t\t\t\t\t<div class=\"elementor-element elementor-element-4160840c elementor-widget__width-initial elementor-widget elementor-widget-spacer\" data-id=\"4160840c\" data-element_type=\"widget\" data-widget_type=\"spacer.default\">\n\t\t\t\t<div class=\"elementor-widget-container\">\n\t\t\t\t\t\t\t<div class=\"elementor-spacer\">\n\t\t\t<div class=\"elementor-spacer-inner\"><\/div>\n\t\t<\/div>\n\t\t\t\t\t\t<\/div>\n\t\t\t\t<\/div>\n\t\t\t\t<div class=\"elementor-element elementor-element-9dfa099 elementor-view-default elementor-widget elementor-widget-icon\" data-id=\"9dfa099\" data-element_type=\"widget\" data-widget_type=\"icon.default\">\n\t\t\t\t<div class=\"elementor-widget-container\">\n\t\t\t\t\t\t\t<div class=\"elementor-icon-wrapper\">\n\t\t\t<div class=\"elementor-icon\">\n\t\t\t<i aria-hidden=\"true\" class=\"fas fa-circle\"><\/i>\t\t\t<\/div>\n\t\t<\/div>\n\t\t\t\t\t\t<\/div>\n\t\t\t\t<\/div>\n\t\t\t\t\t<\/div>\n\t\t<\/div>\n\t\t\t\t<div class=\"elementor-column elementor-col-33 elementor-top-column elementor-element elementor-element-211a9b71\" data-id=\"211a9b71\" data-element_type=\"column\">\n\t\t\t<div class=\"elementor-widget-wrap\">\n\t\t\t\t\t\t\t<\/div>\n\t\t<\/div>\n\t\t\t\t\t<\/div>\n\t\t<\/section>\n\t\t\t\t<section class=\"elementor-section elementor-top-section elementor-element elementor-element-482a0cc elementor-section-boxed elementor-section-height-default elementor-section-height-default\" data-id=\"482a0cc\" data-element_type=\"section\">\n\t\t\t\t\t\t<div class=\"elementor-container elementor-column-gap-default\">\n\t\t\t\t\t<div class=\"elementor-column elementor-col-100 elementor-top-column elementor-element elementor-element-8ba3176\" data-id=\"8ba3176\" data-element_type=\"column\">\n\t\t\t<div class=\"elementor-widget-wrap elementor-element-populated\">\n\t\t\t\t\t\t<div class=\"elementor-element elementor-element-8bec395 elementor-widget elementor-widget-heading\" data-id=\"8bec395\" data-element_type=\"widget\" data-settings=\"{&quot;_animation&quot;:&quot;none&quot;}\" data-widget_type=\"heading.default\">\n\t\t\t\t<div class=\"elementor-widget-container\">\n\t\t\t\t\t<h1 class=\"elementor-heading-title elementor-size-default\">Dienstag, 11.11.2025, 14:00-18:00 Uhr<\/h1>\t\t\t\t<\/div>\n\t\t\t\t<\/div>\n\t\t\t\t<div class=\"elementor-element elementor-element-0824923 elementor-widget elementor-widget-heading\" data-id=\"0824923\" data-element_type=\"widget\" data-settings=\"{&quot;_animation&quot;:&quot;none&quot;}\" data-widget_type=\"heading.default\">\n\t\t\t\t<div class=\"elementor-widget-container\">\n\t\t\t\t\t<h2 class=\"elementor-heading-title elementor-size-default\">Sustainability &amp; Ethics in Gen AI - K\u00f6nnen wir KI verantwortungsbewusst nutzen?\n\n<\/h2>\t\t\t\t<\/div>\n\t\t\t\t<\/div>\n\t\t\t\t<div class=\"elementor-element elementor-element-4d2ed6c elementor-widget__width-initial elementor-widget elementor-widget-text-editor\" data-id=\"4d2ed6c\" data-element_type=\"widget\" data-widget_type=\"text-editor.default\">\n\t\t\t\t<div class=\"elementor-widget-container\">\n\t\t\t\t\t\t\t\t\t<p>\u00d6ffentlicher Vortrag &amp; Workshop&nbsp;<\/p>\n<p><b>Vortrag: <span style=\"color: black; font-size: medium;\">K\u00f6nnen wir KI verantwortungsbewusst nutzen?<\/span><\/b><\/p>\n<div>Generative AI ist dabei, unsere Arbeit und unser Leben grundlegend zu ver\u00e4ndern. Es ergeben sich ganz neue M\u00f6glichkeiten zu arbeiten und zu gestalten. Utopien werden scheinbar Wirklichkeit.<\/div>\n<div>Aber &#8222;Every historic Utopia was someones Dystopia&#8220;, sagte Future-Designerin Monika Bielskyte einmal.<\/div>\n<div>Deswegen m\u00fcssen wir dar\u00fcber sprechen, wie nachhaltig der Einsatz von AI und speziell generativer AI eigentlich ist &#8211; und zwar auf allen Ebenen: \u00f6kologisch, \u00f6konomisch und sozial. Energie- und Wasserverbrauch, CO2 Emission, Ethik und Bias, Privacy und Copyright sind dabei nur einige Stichw\u00f6rter, die Problemfelder rund um AI beschreiben. Der wahre Preis f\u00fcr ChatGPT sind nicht 20$, der wahre Preis wird von vielen Parteien jetzt und in der Zukunft bezahlt.<\/div>\n<div>Und wir m\u00fcssen dies in ein Verh\u00e4ltnis zu den Outputs setzen, die wir von Generativer AI bekommen. Wie gut sind die Ergebnisse unserer Prompts und Agenten wirklich? Da geht es dann nicht mehr nur um Nachhaltigkeit, sondern auch um Gesch\u00e4ftsrisiken.<\/div>\n<div>Die zentralen Fragen beim Einsatz von generativer AI m\u00fcssen sein: Rechtfertigt der Output den wahren Preis? Und ist es \u00fcberhaupt m\u00f6glich, Generative AI verantwortungsbewusst zu nutzen, und wenn ja, wie?<\/div>\n<div>&nbsp;<\/div>\n<div><strong>Referent<\/strong>: Thorsten Jonas&nbsp;<\/div>\n<div><strong>Ort &amp; Zeit: <\/strong>14:00-15:00 Uhr, technische Hochschule L\u00fcbeck, Raum D4-0.01&nbsp;&nbsp;<\/div>\n<p><b>Workshop<\/b><\/p>\n<p>Der Workshop baut auf dem vorherigen Vortrag auf und vertieft die Themen auch auf praktischer Ebene. Wir werden anhand verschiedener Methoden und Tools AI im Allgemeinen, aber insbesondere auch konkrete AI Use Cases evaluieren, um den wahren Preis sichtbar zu machen und diesen auch ins Verh\u00e4ltnis mit dem wirklichen Business Value zu setzen.<\/p>\n<p><strong>Ort &amp; Zeit: <\/strong>15:00-18:00 Uhr, technische Hochschule L\u00fcbeck, Raum D4-0.14<\/p>\n<p><strong>Veranstalter:<\/strong> Technische Hochschule L\u00fcbeck<\/p>\n<p><strong>Zielgruppe<\/strong>: Studierende und Interessierte<\/p>\n<p><br><\/p>\t\t\t\t\t\t\t\t<\/div>\n\t\t\t\t<\/div>\n\t\t\t\t<div class=\"elementor-element elementor-element-262e6b0 mb0 elementor-widget elementor-widget-text-editor\" data-id=\"262e6b0\" data-element_type=\"widget\" data-widget_type=\"text-editor.default\">\n\t\t\t\t<div class=\"elementor-widget-container\">\n\t\t\t\t\t\t\t\t\t<p>Im Rahmen der Woche der KI finden zahlreiche Veranstaltungen verschiedener Organisator*innen statt. Diese werden eigenverantwortlich von den jeweiligen Veranstaltenden organisiert und durchgef\u00fchrt. Die Mitveranstalter der Woche der KI \u00fcbernehmen keine Verantwortung f\u00fcr Inhalte, Abl\u00e4ufe oder Ergebnisse dieser Angebote.<\/p>\t\t\t\t\t\t\t\t<\/div>\n\t\t\t\t<\/div>\n\t\t\t\t\t<\/div>\n\t\t<\/div>\n\t\t\t\t\t<\/div>\n\t\t<\/section>\n\t\t\t\t<\/div>\n\t\t","protected":false},"excerpt":{"rendered":"<p>Dienstag, 11.11.2025, 14:00-18:00 Uhr Sustainability &amp; Ethics in Gen AI &#8211; K\u00f6nnen wir KI verantwortungsbewusst nutzen? \u00d6ffentlicher Vortrag &amp; Workshop&nbsp; Vortrag: K\u00f6nnen wir KI verantwortungsbewusst nutzen? Generative AI ist dabei, unsere Arbeit und unser Leben grundlegend zu ver\u00e4ndern. Es ergeben sich ganz neue M\u00f6glichkeiten zu arbeiten und zu gestalten. Utopien werden scheinbar Wirklichkeit. Aber &#8222;Every [&hellip;]<\/p>\n","protected":false},"author":2,"featured_media":0,"parent":0,"menu_order":0,"comment_status":"closed","ping_status":"closed","template":"","meta":{"footnotes":""},"class_list":["post-4124","page","type-page","status-publish","hentry"],"_links":{"self":[{"href":"https:\/\/woche-der-ki.de\/index.php\/wp-json\/wp\/v2\/pages\/4124","targetHints":{"allow":["GET"]}}],"collection":[{"href":"https:\/\/woche-der-ki.de\/index.php\/wp-json\/wp\/v2\/pages"}],"about":[{"href":"https:\/\/woche-der-ki.de\/index.php\/wp-json\/wp\/v2\/types\/page"}],"author":[{"embeddable":true,"href":"https:\/\/woche-der-ki.de\/index.php\/wp-json\/wp\/v2\/users\/2"}],"replies":[{"embeddable":true,"href":"https:\/\/woche-der-ki.de\/index.php\/wp-json\/wp\/v2\/comments?post=4124"}],"version-history":[{"count":19,"href":"https:\/\/woche-der-ki.de\/index.php\/wp-json\/wp\/v2\/pages\/4124\/revisions"}],"predecessor-version":[{"id":4480,"href":"https:\/\/woche-der-ki.de\/index.php\/wp-json\/wp\/v2\/pages\/4124\/revisions\/4480"}],"wp:attachment":[{"href":"https:\/\/woche-der-ki.de\/index.php\/wp-json\/wp\/v2\/media?parent=4124"}],"curies":[{"name":"wp","href":"https:\/\/api.w.org\/{rel}","templated":true}]}}