{"id":4267,"date":"2025-10-17T16:42:04","date_gmt":"2025-10-17T14:42:04","guid":{"rendered":"https:\/\/woche-der-ki.de\/?page_id=4267"},"modified":"2025-11-06T11:14:46","modified_gmt":"2025-11-06T10:14:46","slug":"immer-mehr-vom-immergleichen","status":"publish","type":"page","link":"https:\/\/woche-der-ki.de\/index.php\/immer-mehr-vom-immergleichen\/","title":{"rendered":"Immer mehr vom Immergleichen? K\u00fcnstliche Intelligenz und die Zukunft der Demokratie"},"content":{"rendered":"\t\t<div data-elementor-type=\"wp-page\" data-elementor-id=\"4267\" class=\"elementor elementor-4267\" data-elementor-post-type=\"page\">\n\t\t\t\t\t\t<section class=\"elementor-section elementor-top-section elementor-element elementor-element-68871bd1 elementor-section-full_width elementor-section-height-default elementor-section-height-default\" data-id=\"68871bd1\" data-element_type=\"section\">\n\t\t\t\t\t\t<div class=\"elementor-container elementor-column-gap-default\">\n\t\t\t\t\t<div class=\"elementor-column elementor-col-33 elementor-top-column elementor-element elementor-element-6d7e1407\" data-id=\"6d7e1407\" data-element_type=\"column\">\n\t\t\t<div class=\"elementor-widget-wrap\">\n\t\t\t\t\t\t\t<\/div>\n\t\t<\/div>\n\t\t\t\t<div class=\"elementor-column elementor-col-33 elementor-top-column elementor-element elementor-element-4f9f2080\" data-id=\"4f9f2080\" data-element_type=\"column\">\n\t\t\t<div class=\"elementor-widget-wrap elementor-element-populated\">\n\t\t\t\t\t\t<div class=\"elementor-element elementor-element-4160840c elementor-widget__width-initial elementor-widget elementor-widget-spacer\" data-id=\"4160840c\" data-element_type=\"widget\" data-widget_type=\"spacer.default\">\n\t\t\t\t<div class=\"elementor-widget-container\">\n\t\t\t\t\t\t\t<div class=\"elementor-spacer\">\n\t\t\t<div class=\"elementor-spacer-inner\"><\/div>\n\t\t<\/div>\n\t\t\t\t\t\t<\/div>\n\t\t\t\t<\/div>\n\t\t\t\t<div class=\"elementor-element elementor-element-9dfa099 elementor-view-default elementor-widget elementor-widget-icon\" data-id=\"9dfa099\" data-element_type=\"widget\" data-widget_type=\"icon.default\">\n\t\t\t\t<div class=\"elementor-widget-container\">\n\t\t\t\t\t\t\t<div class=\"elementor-icon-wrapper\">\n\t\t\t<div class=\"elementor-icon\">\n\t\t\t<i aria-hidden=\"true\" class=\"fas fa-circle\"><\/i>\t\t\t<\/div>\n\t\t<\/div>\n\t\t\t\t\t\t<\/div>\n\t\t\t\t<\/div>\n\t\t\t\t\t<\/div>\n\t\t<\/div>\n\t\t\t\t<div class=\"elementor-column elementor-col-33 elementor-top-column elementor-element elementor-element-211a9b71\" data-id=\"211a9b71\" data-element_type=\"column\">\n\t\t\t<div class=\"elementor-widget-wrap\">\n\t\t\t\t\t\t\t<\/div>\n\t\t<\/div>\n\t\t\t\t\t<\/div>\n\t\t<\/section>\n\t\t\t\t<section class=\"elementor-section elementor-top-section elementor-element elementor-element-482a0cc elementor-section-boxed elementor-section-height-default elementor-section-height-default\" data-id=\"482a0cc\" data-element_type=\"section\">\n\t\t\t\t\t\t<div class=\"elementor-container elementor-column-gap-default\">\n\t\t\t\t\t<div class=\"elementor-column elementor-col-100 elementor-top-column elementor-element elementor-element-8ba3176\" data-id=\"8ba3176\" data-element_type=\"column\">\n\t\t\t<div class=\"elementor-widget-wrap elementor-element-populated\">\n\t\t\t\t\t\t<div class=\"elementor-element elementor-element-8bec395 elementor-widget elementor-widget-heading\" data-id=\"8bec395\" data-element_type=\"widget\" data-settings=\"{&quot;_animation&quot;:&quot;none&quot;}\" data-widget_type=\"heading.default\">\n\t\t\t\t<div class=\"elementor-widget-container\">\n\t\t\t\t\t<h1 class=\"elementor-heading-title elementor-size-default\">Freitag, 14.11.2025, 12:15-13:45<\/h1>\t\t\t\t<\/div>\n\t\t\t\t<\/div>\n\t\t\t\t<div class=\"elementor-element elementor-element-0824923 elementor-widget elementor-widget-heading\" data-id=\"0824923\" data-element_type=\"widget\" data-settings=\"{&quot;_animation&quot;:&quot;none&quot;}\" data-widget_type=\"heading.default\">\n\t\t\t\t<div class=\"elementor-widget-container\">\n\t\t\t\t\t<h2 class=\"elementor-heading-title elementor-size-default\">Immer mehr vom Immergleichen? K\u00fcnstliche Intelligenz und die Zukunft der Demokratie\n\n<\/h2>\t\t\t\t<\/div>\n\t\t\t\t<\/div>\n\t\t\t\t<div class=\"elementor-element elementor-element-4d2ed6c elementor-widget__width-initial elementor-widget elementor-widget-text-editor\" data-id=\"4d2ed6c\" data-element_type=\"widget\" data-widget_type=\"text-editor.default\">\n\t\t\t\t<div class=\"elementor-widget-container\">\n\t\t\t\t\t\t\t\t\t<p>\u00d6ffentliche Veranstaltung mit Anmeldung<\/p>\n<p>\u00d6ffentlicher Vortrag von Dr. Jan-Philipp Kruse (Universit\u00e4t Hamburg)<br \/><a href=\"https:\/\/www.eih.uni-luebeck.de\/veil\/virtual-ethical-innovation-lecture-1?tx_news_pi1%5Baction%5D=detail&amp;tx_news_pi1%5Bcontroller%5D=News&amp;tx_news_pi1%5Bnews%5D=145&amp;cHash=b2f62a6aae1ccd36372862623aa8dc52\" target=\"_blank\" rel=\"noopener\"><b>Weitere Informationen<\/b><\/a><\/p>\n<p><strong>Ort:<\/strong> Hybrid &#8211; H\u00f6rsaal des Instituts f\u00fcr Medizingeschichte und Wissenschaftsforschung, Universit\u00e4t zu L\u00fcbeck (K\u00f6nigstrasse 42 | D 23552 L\u00fcbeck) und online via WebEx<\/p>\n<p><strong>Veranstalter:<\/strong> Ethical Innovation Hub<\/p>\n<p><strong>Zielgruppe<\/strong>: Interessierte \u00d6ffentlichkeit<\/p>\n<p><strong>Anmeldung<\/strong>: Ja, notwendig:<\/p>\n<ul>\n<li><b>Pr\u00e4senz<\/b>: Um eine Anmeldung f\u00fcr eine Teilnahme vor Ort wird gebeten, da wir in Pr\u00e4senz nur 30 Pl\u00e4tze anbieten k\u00f6nnen. Senden Sie hierzu eine E-Mail an <b>d.sarikaya(at)uni-luebeck.de<\/b>\u00a0mit dem Betreff &#8222;VEIL-November&#8220; und der Personenzahl, mit der Sie teilnehmen wollen, im E-Mailtext. Wir best\u00e4tigen die Teilnahme innerhalb von 24h.\u00a0<\/li>\n<li><b>Online<\/b>: Die digitale Teilnahme ist mit diesem <b><a href=\"https:\/\/www.eih.uni-luebeck.de\/veilseries\" target=\"_blank\" rel=\"noopener\">Registrierungslink<\/a> <\/b>m\u00f6glich, sie erhalten binnen 30 Minuten den Teilnahmelink, online maximal 1000 Teilnehmende<\/li>\n<\/ul>\t\t\t\t\t\t\t\t<\/div>\n\t\t\t\t<\/div>\n\t\t\t\t<div class=\"elementor-element elementor-element-262e6b0 mb0 elementor-widget elementor-widget-text-editor\" data-id=\"262e6b0\" data-element_type=\"widget\" data-widget_type=\"text-editor.default\">\n\t\t\t\t<div class=\"elementor-widget-container\">\n\t\t\t\t\t\t\t\t\t<p>Im Rahmen der Woche der KI finden zahlreiche Veranstaltungen verschiedener Organisator*innen statt. Diese werden eigenverantwortlich von den jeweiligen Veranstaltenden organisiert und durchgef\u00fchrt. Die Mitveranstalter der Woche der KI \u00fcbernehmen keine Verantwortung f\u00fcr Inhalte, Abl\u00e4ufe oder Ergebnisse dieser Angebote.<\/p>\t\t\t\t\t\t\t\t<\/div>\n\t\t\t\t<\/div>\n\t\t\t\t\t<\/div>\n\t\t<\/div>\n\t\t\t\t\t<\/div>\n\t\t<\/section>\n\t\t\t\t<\/div>\n\t\t","protected":false},"excerpt":{"rendered":"<p>Freitag, 14.11.2025, 12:15-13:45 Immer mehr vom Immergleichen? K\u00fcnstliche Intelligenz und die Zukunft der Demokratie \u00d6ffentliche Veranstaltung mit Anmeldung \u00d6ffentlicher Vortrag von Dr. Jan-Philipp Kruse (Universit\u00e4t Hamburg)Weitere Informationen Ort: Hybrid &#8211; H\u00f6rsaal des Instituts f\u00fcr Medizingeschichte und Wissenschaftsforschung, Universit\u00e4t zu L\u00fcbeck (K\u00f6nigstrasse 42 | D 23552 L\u00fcbeck) und online via WebEx Veranstalter: Ethical Innovation Hub Zielgruppe: [&hellip;]<\/p>\n","protected":false},"author":2,"featured_media":0,"parent":0,"menu_order":0,"comment_status":"closed","ping_status":"closed","template":"","meta":{"footnotes":""},"class_list":["post-4267","page","type-page","status-publish","hentry"],"_links":{"self":[{"href":"https:\/\/woche-der-ki.de\/index.php\/wp-json\/wp\/v2\/pages\/4267","targetHints":{"allow":["GET"]}}],"collection":[{"href":"https:\/\/woche-der-ki.de\/index.php\/wp-json\/wp\/v2\/pages"}],"about":[{"href":"https:\/\/woche-der-ki.de\/index.php\/wp-json\/wp\/v2\/types\/page"}],"author":[{"embeddable":true,"href":"https:\/\/woche-der-ki.de\/index.php\/wp-json\/wp\/v2\/users\/2"}],"replies":[{"embeddable":true,"href":"https:\/\/woche-der-ki.de\/index.php\/wp-json\/wp\/v2\/comments?post=4267"}],"version-history":[{"count":10,"href":"https:\/\/woche-der-ki.de\/index.php\/wp-json\/wp\/v2\/pages\/4267\/revisions"}],"predecessor-version":[{"id":4439,"href":"https:\/\/woche-der-ki.de\/index.php\/wp-json\/wp\/v2\/pages\/4267\/revisions\/4439"}],"wp:attachment":[{"href":"https:\/\/woche-der-ki.de\/index.php\/wp-json\/wp\/v2\/media?parent=4267"}],"curies":[{"name":"wp","href":"https:\/\/api.w.org\/{rel}","templated":true}]}}